Last updated on 2024-06-27 16:49:17 CEST.
Flavor | Version | Tinstall | Tcheck | Ttotal | Status | Flags |
---|---|---|---|---|---|---|
r-devel-linux-x86_64-debian-clang | 0.1.2 | OK | ||||
r-devel-linux-x86_64-debian-gcc | 0.1.2 | 86.38 | 110.15 | 196.53 | OK | |
r-devel-linux-x86_64-fedora-clang | 0.1.2 | 374.31 | OK | |||
r-devel-linux-x86_64-fedora-gcc | 0.1.2 | 387.26 | OK | |||
r-devel-windows-x86_64 | 0.1.2 | 98.00 | 134.00 | 232.00 | NOTE | |
r-patched-linux-x86_64 | 0.1.2 | 96.07 | 142.77 | 238.84 | OK | |
r-release-linux-x86_64 | 0.1.2 | 112.67 | 142.58 | 255.25 | OK | |
r-release-macos-arm64 | 0.1.2 | 79.00 | NOTE | |||
r-release-macos-x86_64 | 0.1.2 | 117.00 | NOTE | |||
r-release-windows-x86_64 | 0.1.2 | 101.00 | 139.00 | 240.00 | NOTE | |
r-oldrel-macos-arm64 | 0.1.2 | 97.00 | NOTE | |||
r-oldrel-macos-x86_64 | 0.1.2 | 182.00 | NOTE | |||
r-oldrel-windows-x86_64 | 0.1.2 | 117.00 | 180.00 | 297.00 | NOTE |
Version: 0.1.2
Check: installed package size
Result: NOTE
installed size is 5.8Mb
sub-directories of 1Mb or more:
data 4.2Mb
libs 1.4Mb
Flavors: r-devel-windows-x86_64, r-release-macos-arm64, r-release-macos-x86_64, r-release-windows-x86_64, r-oldrel-macos-arm64, r-oldrel-macos-x86_64, r-oldrel-windows-x86_64