Last updated on 2024-06-27 16:49:17 CEST.
Flavor | Version | Tinstall | Tcheck | Ttotal | Status | Flags |
---|---|---|---|---|---|---|
r-devel-linux-x86_64-debian-clang | 0.1.1 | OK | ||||
r-devel-linux-x86_64-debian-gcc | 0.1.1 | 10.25 | 87.14 | 97.39 | OK | |
r-devel-linux-x86_64-fedora-clang | 0.1.1 | 164.64 | NOTE | |||
r-devel-linux-x86_64-fedora-gcc | 0.1.1 | 153.42 | NOTE | |||
r-devel-windows-x86_64 | 0.1.1 | 12.00 | 98.00 | 110.00 | OK | |
r-patched-linux-x86_64 | 0.1.1 | 10.73 | 112.76 | 123.49 | OK | |
r-release-linux-x86_64 | 0.1.1 | 12.51 | 114.76 | 127.27 | OK | |
r-release-macos-arm64 | 0.1.1 | 50.00 | OK | |||
r-release-macos-x86_64 | 0.1.1 | 66.00 | OK | |||
r-release-windows-x86_64 | 0.1.1 | 13.00 | 100.00 | 113.00 | OK | |
r-oldrel-macos-arm64 | 0.1.1 | 57.00 | OK | |||
r-oldrel-macos-x86_64 | 0.1.1 | 82.00 | OK | |||
r-oldrel-windows-x86_64 | 0.1.1 | 17.00 | 127.00 | 144.00 | OK |
Version: 0.1.1
Check: dependencies in R code
Result: NOTE
Namespace in Imports field not imported from: ‘readr’
All declared Imports should be used.
Flavors: r-devel-linux-x86_64-fedora-clang, r-devel-linux-x86_64-fedora-gcc