Last updated on 2024-07-13 11:49:29 CEST.
Flavor | Version | Tinstall | Tcheck | Ttotal | Status | Flags |
---|---|---|---|---|---|---|
r-devel-linux-x86_64-debian-clang | 1.0 | 49.97 | 82.04 | 132.01 | OK | |
r-devel-linux-x86_64-debian-gcc | 1.0 | 37.06 | 63.92 | 100.98 | OK | |
r-devel-linux-x86_64-fedora-clang | 1.0 | 171.45 | OK | |||
r-devel-linux-x86_64-fedora-gcc | 1.0 | 176.67 | OK | |||
r-devel-windows-x86_64 | 1.0 | 40.00 | 95.00 | 135.00 | OK | |
r-patched-linux-x86_64 | 1.0 | 40.82 | 81.78 | 122.60 | OK | |
r-release-linux-x86_64 | 1.0 | 39.45 | 81.21 | 120.66 | OK | |
r-release-macos-arm64 | 1.0 | 48.00 | NOTE | |||
r-release-macos-x86_64 | 1.0 | 83.00 | NOTE | |||
r-release-windows-x86_64 | 1.0 | 40.00 | 96.00 | 136.00 | OK | |
r-oldrel-macos-arm64 | 1.0 | 55.00 | NOTE | |||
r-oldrel-macos-x86_64 | 1.0 | 96.00 | NOTE | |||
r-oldrel-windows-x86_64 | 1.0 | 52.00 | 116.00 | 168.00 | OK |
Version: 1.0
Check: installed package size
Result: NOTE
installed size is 6.7Mb
sub-directories of 1Mb or more:
libs 6.5Mb
Flavors: r-release-macos-arm64, r-release-macos-x86_64, r-oldrel-macos-arm64, r-oldrel-macos-x86_64