Last updated on 2024-06-27 10:49:43 CEST.
Flavor | Version | Tinstall | Tcheck | Ttotal | Status | Flags |
---|---|---|---|---|---|---|
r-devel-linux-x86_64-debian-clang | 0.1.9 | OK | ||||
r-devel-linux-x86_64-debian-gcc | 0.1.9 | 46.47 | 386.62 | 433.09 | OK | |
r-devel-linux-x86_64-fedora-clang | 0.1.9 | 759.38 | OK | |||
r-devel-linux-x86_64-fedora-gcc | 0.1.9 | 754.87 | OK | |||
r-devel-windows-x86_64 | 0.1.9 | 51.00 | 486.00 | 537.00 | OK | |
r-patched-linux-x86_64 | 0.1.9 | 38.41 | 495.61 | 534.02 | OK | |
r-release-linux-x86_64 | 0.1.9 | 39.01 | 504.12 | 543.13 | OK | |
r-release-macos-arm64 | 0.1.9 | 223.00 | OK | |||
r-release-macos-x86_64 | 0.1.9 | 322.00 | NOTE | |||
r-release-windows-x86_64 | 0.1.9 | 52.00 | 373.00 | 425.00 | OK | |
r-oldrel-macos-arm64 | 0.1.9 | 10.00 | ERROR | |||
r-oldrel-macos-x86_64 | 0.1.9 | 11.00 | ERROR | |||
r-oldrel-windows-x86_64 | 0.1.9 | 68.00 | 617.00 | 685.00 | OK |
Version: 0.1.9
Check: installed package size
Result: NOTE
installed size is 5.7Mb
sub-directories of 1Mb or more:
data 5.0Mb
Flavor: r-release-macos-x86_64
Version: 0.1.9
Check: package dependencies
Result: ERROR
Package required but not available: ‘GSVA’
See section ‘The DESCRIPTION file’ in the ‘Writing R Extensions’
manual.
Flavors: r-oldrel-macos-arm64, r-oldrel-macos-x86_64