Last updated on 2024-06-27 10:49:43 CEST.
Flavor | Version | Tinstall | Tcheck | Ttotal | Status | Flags |
---|---|---|---|---|---|---|
r-devel-linux-x86_64-debian-clang | 3.1.1 | NOTE | ||||
r-devel-linux-x86_64-debian-gcc | 3.1.1 | 15.17 | 21.67 | 36.84 | NOTE | |
r-devel-linux-x86_64-fedora-clang | 3.1.1 | 72.04 | NOTE | |||
r-devel-linux-x86_64-fedora-gcc | 3.1.1 | 67.61 | NOTE | |||
r-devel-windows-x86_64 | 3.1.1 | 21.00 | 61.00 | 82.00 | NOTE | |
r-patched-linux-x86_64 | 3.1.1 | 17.55 | 26.67 | 44.22 | NOTE | |
r-release-linux-x86_64 | 3.1.1 | 19.56 | 26.78 | 46.34 | NOTE | |
r-release-macos-arm64 | 3.1.1 | 22.00 | NOTE | |||
r-release-macos-x86_64 | 3.1.1 | 29.00 | NOTE | |||
r-release-windows-x86_64 | 3.1.1 | 20.00 | 65.00 | 85.00 | NOTE | |
r-oldrel-macos-arm64 | 3.1.1 | 24.00 | NOTE | |||
r-oldrel-macos-x86_64 | 3.1.1 | 36.00 | NOTE | |||
r-oldrel-windows-x86_64 | 3.1.1 | 21.00 | 69.00 | 90.00 | NOTE |
Version: 3.1.1
Check: C++ specification
Result: NOTE
Specified C++11: please drop specification unless essential
Flavors: r-devel-linux-x86_64-debian-clang, r-devel-linux-x86_64-debian-gcc, r-devel-linux-x86_64-fedora-clang, r-devel-linux-x86_64-fedora-gcc, r-devel-windows-x86_64, r-patched-linux-x86_64, r-release-linux-x86_64, r-release-macos-arm64, r-release-macos-x86_64, r-release-windows-x86_64, r-oldrel-macos-arm64, r-oldrel-macos-x86_64, r-oldrel-windows-x86_64
Version: 3.1.1
Check: for GNU extensions in Makefiles
Result: NOTE
GNU make is a SystemRequirements.
Flavors: r-devel-linux-x86_64-debian-clang, r-devel-linux-x86_64-debian-gcc, r-devel-linux-x86_64-fedora-clang, r-devel-linux-x86_64-fedora-gcc, r-devel-windows-x86_64, r-patched-linux-x86_64, r-release-linux-x86_64, r-release-macos-arm64, r-release-macos-x86_64, r-release-windows-x86_64, r-oldrel-macos-arm64, r-oldrel-macos-x86_64, r-oldrel-windows-x86_64