Last updated on 2024-06-27 16:49:16 CEST.
Flavor | Version | Tinstall | Tcheck | Ttotal | Status | Flags |
---|---|---|---|---|---|---|
r-devel-linux-x86_64-debian-clang | 1.3.5 | NOTE | ||||
r-devel-linux-x86_64-debian-gcc | 1.3.5 | 38.54 | 100.19 | 138.73 | NOTE | |
r-devel-linux-x86_64-fedora-clang | 1.3.5 | 232.72 | NOTE | |||
r-devel-linux-x86_64-fedora-gcc | 1.3.5 | 264.97 | NOTE | |||
r-devel-windows-x86_64 | 1.3.5 | 44.00 | 112.00 | 156.00 | NOTE | |
r-patched-linux-x86_64 | 1.3.5 | 46.62 | 127.58 | 174.20 | NOTE | |
r-release-linux-x86_64 | 1.3.5 | 46.36 | 128.10 | 174.46 | NOTE | |
r-release-macos-arm64 | 1.3.5 | 60.00 | NOTE | |||
r-release-macos-x86_64 | 1.3.5 | 97.00 | NOTE | |||
r-release-windows-x86_64 | 1.3.5 | 47.00 | 114.00 | 161.00 | NOTE | |
r-oldrel-macos-arm64 | 1.3.5 | 60.00 | NOTE | |||
r-oldrel-macos-x86_64 | 1.3.5 | 128.00 | NOTE | |||
r-oldrel-windows-x86_64 | 1.3.5 | 56.00 | 135.00 | 191.00 | NOTE |
Version: 1.3.5
Check: for GNU extensions in Makefiles
Result: NOTE
GNU make is a SystemRequirements.
Flavors: r-devel-linux-x86_64-debian-clang, r-devel-linux-x86_64-debian-gcc, r-devel-linux-x86_64-fedora-clang, r-devel-linux-x86_64-fedora-gcc, r-devel-windows-x86_64, r-patched-linux-x86_64, r-release-linux-x86_64, r-release-macos-arm64, r-release-macos-x86_64, r-release-windows-x86_64, r-oldrel-macos-arm64, r-oldrel-macos-x86_64, r-oldrel-windows-x86_64
Version: 1.3.5
Check: installed package size
Result: NOTE
installed size is 6.0Mb
sub-directories of 1Mb or more:
doc 1.8Mb
libs 4.1Mb
Flavors: r-release-macos-arm64, r-release-macos-x86_64, r-oldrel-macos-arm64, r-oldrel-macos-x86_64