Last updated on 2024-06-27 16:49:16 CEST.
Flavor | Version | Tinstall | Tcheck | Ttotal | Status | Flags |
---|---|---|---|---|---|---|
r-devel-linux-x86_64-debian-clang | 1.0.4 | NOTE | ||||
r-devel-linux-x86_64-debian-gcc | 1.0.4 | 42.43 | 58.58 | 101.01 | NOTE | |
r-devel-linux-x86_64-fedora-clang | 1.0.4 | 192.96 | NOTE | |||
r-devel-linux-x86_64-fedora-gcc | 1.0.4 | 198.89 | NOTE | |||
r-devel-windows-x86_64 | 1.0.4 | 48.00 | 94.00 | 142.00 | NOTE | |
r-patched-linux-x86_64 | 1.0.4 | 52.12 | 76.34 | 128.46 | NOTE | |
r-release-linux-x86_64 | 1.0.4 | 50.07 | 75.94 | 126.01 | NOTE | |
r-release-macos-arm64 | 1.0.4 | 44.00 | NOTE | |||
r-release-macos-x86_64 | 1.0.4 | 79.00 | NOTE | |||
r-release-windows-x86_64 | 1.0.4 | 49.00 | 96.00 | 145.00 | NOTE | |
r-oldrel-macos-arm64 | 1.0.4 | 51.00 | NOTE | |||
r-oldrel-macos-x86_64 | 1.0.4 | 160.00 | NOTE | |||
r-oldrel-windows-x86_64 | 1.0.4 | 60.00 | 115.00 | 175.00 | NOTE |
Version: 1.0.4
Check: for GNU extensions in Makefiles
Result: NOTE
GNU make is a SystemRequirements.
Flavors: r-devel-linux-x86_64-debian-clang, r-devel-linux-x86_64-debian-gcc, r-devel-linux-x86_64-fedora-clang, r-devel-linux-x86_64-fedora-gcc, r-devel-windows-x86_64, r-patched-linux-x86_64, r-release-linux-x86_64, r-release-macos-arm64, r-release-macos-x86_64, r-release-windows-x86_64, r-oldrel-macos-arm64, r-oldrel-macos-x86_64, r-oldrel-windows-x86_64