Last updated on 2024-06-27 16:49:16 CEST.
Flavor | Version | Tinstall | Tcheck | Ttotal | Status | Flags |
---|---|---|---|---|---|---|
r-devel-linux-x86_64-debian-clang | 4.0.1 | OK | ||||
r-devel-linux-x86_64-debian-gcc | 4.0.1 | 8.27 | 69.53 | 77.80 | OK | |
r-devel-linux-x86_64-fedora-clang | 4.0.1 | 130.63 | NOTE | |||
r-devel-linux-x86_64-fedora-gcc | 4.0.1 | 126.59 | NOTE | |||
r-devel-windows-x86_64 | 4.0.1 | 9.00 | 80.00 | 89.00 | OK | |
r-patched-linux-x86_64 | 4.0.1 | 15.46 | 89.73 | 105.19 | OK | |
r-release-linux-x86_64 | 4.0.1 | 6.55 | 91.24 | 97.79 | OK | |
r-release-macos-arm64 | 4.0.1 | 38.00 | OK | |||
r-release-macos-x86_64 | 4.0.1 | 60.00 | OK | |||
r-release-windows-x86_64 | 4.0.1 | 10.00 | 82.00 | 92.00 | OK | |
r-oldrel-macos-arm64 | 4.0.1 | 45.00 | OK | |||
r-oldrel-macos-x86_64 | 4.0.1 | 82.00 | OK | |||
r-oldrel-windows-x86_64 | 4.0.1 | 12.00 | 100.00 | 112.00 | OK |
Version: 4.0.1
Check: dependencies in R code
Result: NOTE
Namespaces in Imports field not imported from:
‘gtable’ ‘rlang’ ‘testthat’
All declared Imports should be used.
Flavors: r-devel-linux-x86_64-fedora-clang, r-devel-linux-x86_64-fedora-gcc