Last updated on 2024-06-27 16:49:16 CEST.
Flavor | Version | Tinstall | Tcheck | Ttotal | Status | Flags |
---|---|---|---|---|---|---|
r-devel-linux-x86_64-debian-clang | 1.6.2 | OK | ||||
r-devel-linux-x86_64-debian-gcc | 1.6.2 | 64.78 | 263.41 | 328.19 | OK | |
r-devel-linux-x86_64-fedora-clang | 1.6.2 | 547.13 | NOTE | |||
r-devel-linux-x86_64-fedora-gcc | 1.6.2 | 543.75 | OK | |||
r-devel-windows-x86_64 | 1.6.2 | 70.00 | 245.00 | 315.00 | NOTE | |
r-patched-linux-x86_64 | 1.6.2 | 77.20 | 330.30 | 407.50 | OK | |
r-release-linux-x86_64 | 1.6.2 | 58.58 | 332.35 | 390.93 | OK | |
r-release-macos-arm64 | 1.6.2 | 161.00 | NOTE | |||
r-release-macos-x86_64 | 1.6.2 | 236.00 | NOTE | |||
r-release-windows-x86_64 | 1.6.2 | 74.00 | 252.00 | 326.00 | NOTE | |
r-oldrel-macos-arm64 | 1.6.2 | 161.00 | NOTE | |||
r-oldrel-macos-x86_64 | 1.6.2 | 253.00 | NOTE | |||
r-oldrel-windows-x86_64 | 1.6.2 | 94.00 | 323.00 | 417.00 | NOTE |
Version: 1.6.2
Check: installed package size
Result: NOTE
installed size is 5.8Mb
sub-directories of 1Mb or more:
data 3.9Mb
doc 1.0Mb
Flavors: r-devel-linux-x86_64-fedora-clang, r-devel-windows-x86_64, r-release-macos-arm64, r-release-macos-x86_64, r-release-windows-x86_64, r-oldrel-macos-arm64, r-oldrel-macos-x86_64, r-oldrel-windows-x86_64
Version: 1.6.2
Check: package dependencies
Result: NOTE
Package suggested but not available for checking: ‘DropletUtils’
Flavors: r-release-macos-arm64, r-oldrel-macos-arm64, r-oldrel-macos-x86_64