Last updated on 2024-06-27 16:49:16 CEST.
Flavor | Version | Tinstall | Tcheck | Ttotal | Status | Flags |
---|---|---|---|---|---|---|
r-devel-linux-x86_64-debian-clang | 0.1.3 | NOTE | ||||
r-devel-linux-x86_64-debian-gcc | 0.1.3 | 44.18 | 205.14 | 249.32 | NOTE | |
r-devel-linux-x86_64-fedora-clang | 0.1.3 | 437.08 | NOTE | |||
r-devel-linux-x86_64-fedora-gcc | 0.1.3 | 436.19 | NOTE | |||
r-devel-windows-x86_64 | 0.1.3 | 50.00 | 205.00 | 255.00 | NOTE | |
r-patched-linux-x86_64 | 0.1.3 | 39.63 | 257.42 | 297.05 | NOTE | |
r-release-linux-x86_64 | 0.1.3 | 38.19 | 264.75 | 302.94 | NOTE | |
r-release-macos-arm64 | 0.1.3 | 105.00 | NOTE | |||
r-release-macos-x86_64 | 0.1.3 | 157.00 | NOTE | |||
r-release-windows-x86_64 | 0.1.3 | 52.00 | 210.00 | 262.00 | NOTE | |
r-oldrel-macos-arm64 | 0.1.3 | 118.00 | NOTE | |||
r-oldrel-macos-x86_64 | 0.1.3 | 299.00 | NOTE | |||
r-oldrel-windows-x86_64 | 0.1.3 | 66.00 | 275.00 | 341.00 | NOTE |
Version: 0.1.3
Check: LazyData
Result: NOTE
'LazyData' is specified without a 'data' directory
Flavors: r-devel-linux-x86_64-debian-clang, r-devel-linux-x86_64-debian-gcc, r-devel-linux-x86_64-fedora-clang, r-devel-linux-x86_64-fedora-gcc, r-devel-windows-x86_64, r-patched-linux-x86_64, r-release-linux-x86_64, r-release-macos-arm64, r-release-macos-x86_64, r-release-windows-x86_64, r-oldrel-macos-arm64, r-oldrel-macos-x86_64, r-oldrel-windows-x86_64