Last updated on 2024-07-13 11:49:27 CEST.
Flavor | Version | Tinstall | Tcheck | Ttotal | Status | Flags |
---|---|---|---|---|---|---|
r-devel-linux-x86_64-debian-clang | 9.8.1 | 34.10 | 286.23 | 320.33 | OK | |
r-devel-linux-x86_64-debian-gcc | 9.8.1 | 24.36 | 213.37 | 237.73 | OK | |
r-devel-linux-x86_64-fedora-clang | 9.8.1 | 412.89 | OK | |||
r-devel-linux-x86_64-fedora-gcc | 9.8.1 | 402.73 | OK | |||
r-devel-windows-x86_64 | 9.8.1 | 34.00 | 280.00 | 314.00 | OK | |
r-patched-linux-x86_64 | 9.8.1 | 35.00 | 267.14 | 302.14 | OK | |
r-release-linux-x86_64 | 9.8.1 | 32.12 | 262.36 | 294.48 | OK | |
r-release-macos-arm64 | 9.8.1 | 136.00 | NOTE | |||
r-release-macos-x86_64 | 9.8.1 | 324.00 | NOTE | |||
r-release-windows-x86_64 | 9.8.1 | 32.00 | 273.00 | 305.00 | OK | |
r-oldrel-macos-arm64 | 9.8.1 | 182.00 | NOTE | |||
r-oldrel-macos-x86_64 | 9.8.1 | 360.00 | NOTE | |||
r-oldrel-windows-x86_64 | 9.8.1 | 37.00 | 339.00 | 376.00 | OK |
Version: 9.8.1
Check: installed package size
Result: NOTE
installed size is 7.6Mb
sub-directories of 1Mb or more:
data 2.8Mb
doc 1.0Mb
libs 2.7Mb
Flavors: r-release-macos-arm64, r-release-macos-x86_64, r-oldrel-macos-arm64, r-oldrel-macos-x86_64