Last updated on 2024-06-27 16:49:15 CEST.
Flavor | Version | Tinstall | Tcheck | Ttotal | Status | Flags |
---|---|---|---|---|---|---|
r-devel-linux-x86_64-debian-clang | 0.1.1 | NOTE | ||||
r-devel-linux-x86_64-debian-gcc | 0.1.1 | 15.14 | 183.76 | 198.90 | NOTE | |
r-devel-linux-x86_64-fedora-clang | 0.1.1 | 341.32 | NOTE | |||
r-devel-linux-x86_64-fedora-gcc | 0.1.1 | 338.05 | NOTE | |||
r-devel-windows-x86_64 | 0.1.1 | 17.00 | 178.00 | 195.00 | NOTE | |
r-patched-linux-x86_64 | 0.1.1 | 16.58 | 237.58 | 254.16 | NOTE | |
r-release-linux-x86_64 | 0.1.1 | 13.85 | 242.66 | 256.51 | NOTE | |
r-release-macos-arm64 | 0.1.1 | 90.00 | NOTE | |||
r-release-macos-x86_64 | 0.1.1 | 146.00 | NOTE | |||
r-release-windows-x86_64 | 0.1.1 | 18.00 | 177.00 | 195.00 | NOTE | |
r-oldrel-macos-arm64 | 0.1.1 | 98.00 | NOTE | |||
r-oldrel-macos-x86_64 | 0.1.1 | 161.00 | NOTE | |||
r-oldrel-windows-x86_64 | 0.1.1 | 23.00 | 233.00 | 256.00 | NOTE |
Version: 0.1.1
Check: LazyData
Result: NOTE
'LazyData' is specified without a 'data' directory
Flavors: r-devel-linux-x86_64-debian-clang, r-devel-linux-x86_64-debian-gcc, r-devel-linux-x86_64-fedora-clang, r-devel-linux-x86_64-fedora-gcc, r-devel-windows-x86_64, r-patched-linux-x86_64, r-release-linux-x86_64, r-release-macos-arm64, r-release-macos-x86_64, r-release-windows-x86_64, r-oldrel-macos-arm64, r-oldrel-macos-x86_64, r-oldrel-windows-x86_64
Version: 0.1.1
Check: dependencies in R code
Result: NOTE
Namespaces in Imports field not imported from:
‘MASS’ ‘grid’
All declared Imports should be used.
Flavors: r-devel-linux-x86_64-fedora-clang, r-devel-linux-x86_64-fedora-gcc
Version: 0.1.1
Check: Rd cross-references
Result: NOTE
Undeclared packages ‘GenOrd’, ‘PoisNor’ in Rd xrefs
Flavor: r-devel-linux-x86_64-fedora-clang