Last updated on 2024-06-21 09:55:54 CEST.
Flavor | Version | Tinstall | Tcheck | Ttotal | Status | Flags |
---|---|---|---|---|---|---|
r-devel-linux-x86_64-debian-clang | 1.1.3 | 88.27 | 80.40 | 168.67 | OK | |
r-devel-linux-x86_64-debian-gcc | 1.1.3 | 64.42 | 58.53 | 122.95 | OK | |
r-devel-linux-x86_64-fedora-clang | 1.1.3 | 240.90 | NOTE | |||
r-devel-linux-x86_64-fedora-gcc | 1.1.3 | 226.04 | NOTE | |||
r-devel-windows-x86_64 | 1.1.3 | 77.00 | 118.00 | 195.00 | NOTE | |
r-patched-linux-x86_64 | 1.1.3 | 83.05 | 72.81 | 155.86 | OK | |
r-release-linux-x86_64 | 1.1.3 | 74.79 | 72.93 | 147.72 | OK | |
r-release-macos-arm64 | 1.1.3 | 65.00 | NOTE | |||
r-release-macos-x86_64 | 1.1.3 | 88.00 | NOTE | |||
r-release-windows-x86_64 | 1.1.3 | 75.00 | 118.00 | 193.00 | NOTE | |
r-oldrel-macos-arm64 | 1.1.3 | 76.00 | NOTE | |||
r-oldrel-macos-x86_64 | 1.1.3 | 106.00 | NOTE | |||
r-oldrel-windows-x86_64 | 1.1.3 | 96.00 | 134.00 | 230.00 | NOTE |
Version: 1.1.3
Check: installed package size
Result: NOTE
installed size is 5.3Mb
sub-directories of 1Mb or more:
data 4.7Mb
Flavors: r-devel-linux-x86_64-fedora-clang, r-devel-windows-x86_64, r-release-macos-arm64, r-release-macos-x86_64, r-release-windows-x86_64, r-oldrel-macos-arm64, r-oldrel-macos-x86_64, r-oldrel-windows-x86_64
Version: 1.1.3
Check: dependencies in R code
Result: NOTE
Namespace in Imports field not imported from: ‘Rdpack’
All declared Imports should be used.
Flavors: r-devel-linux-x86_64-fedora-clang, r-devel-linux-x86_64-fedora-gcc