Last updated on 2024-07-13 11:49:27 CEST.
Flavor | Version | Tinstall | Tcheck | Ttotal | Status | Flags |
---|---|---|---|---|---|---|
r-devel-linux-x86_64-debian-clang | 1.1.3 | 88.39 | 77.32 | 165.71 | OK | |
r-devel-linux-x86_64-debian-gcc | 1.1.3 | 63.65 | 57.53 | 121.18 | OK | |
r-devel-linux-x86_64-fedora-clang | 1.1.3 | 241.77 | NOTE | |||
r-devel-linux-x86_64-fedora-gcc | 1.1.3 | 227.91 | NOTE | |||
r-devel-windows-x86_64 | 1.1.3 | 79.00 | 116.00 | 195.00 | NOTE | |
r-patched-linux-x86_64 | 1.1.3 | 82.81 | 76.45 | 159.26 | OK | |
r-release-linux-x86_64 | 1.1.3 | 76.65 | 76.77 | 153.42 | OK | |
r-release-macos-arm64 | 1.1.3 | 65.00 | NOTE | |||
r-release-macos-x86_64 | 1.1.3 | 88.00 | NOTE | |||
r-release-windows-x86_64 | 1.1.3 | 79.00 | 113.00 | 192.00 | NOTE | |
r-oldrel-macos-arm64 | 1.1.3 | 76.00 | NOTE | |||
r-oldrel-macos-x86_64 | 1.1.3 | 106.00 | NOTE | |||
r-oldrel-windows-x86_64 | 1.1.3 | 95.00 | 136.00 | 231.00 | NOTE |
Version: 1.1.3
Check: installed package size
Result: NOTE
installed size is 5.3Mb
sub-directories of 1Mb or more:
data 4.7Mb
Flavors: r-devel-linux-x86_64-fedora-clang, r-devel-windows-x86_64, r-release-macos-arm64, r-release-macos-x86_64, r-release-windows-x86_64, r-oldrel-macos-arm64, r-oldrel-macos-x86_64, r-oldrel-windows-x86_64
Version: 1.1.3
Check: dependencies in R code
Result: NOTE
Namespace in Imports field not imported from: ‘Rdpack’
All declared Imports should be used.
Flavors: r-devel-linux-x86_64-fedora-clang, r-devel-linux-x86_64-fedora-gcc
Version: 1.1.3
Check: Rd cross-references
Result: NOTE
Found the following Rd file(s) with Rd \link{} targets missing package
anchors:
plot_modules.Rd: igraph
plot_network.Rd: igraph
plot_network_diff.Rd: igraph
Please provide package anchors for all Rd \link{} targets not in the
package itself and the base packages.
Flavor: r-devel-windows-x86_64