Last updated on 2024-06-27 10:49:42 CEST.
Flavor | Version | Tinstall | Tcheck | Ttotal | Status | Flags |
---|---|---|---|---|---|---|
r-devel-linux-x86_64-debian-clang | 0.0.3 | NOTE | ||||
r-devel-linux-x86_64-debian-gcc | 0.0.3 | 11.55 | 68.10 | 79.65 | NOTE | |
r-devel-linux-x86_64-fedora-clang | 0.0.3 | 133.40 | NOTE | |||
r-devel-linux-x86_64-fedora-gcc | 0.0.3 | 122.37 | NOTE | |||
r-devel-windows-x86_64 | 0.0.3 | 13.00 | 80.00 | 93.00 | NOTE | |
r-patched-linux-x86_64 | 0.0.3 | 11.02 | 90.47 | 101.49 | NOTE | |
r-release-linux-x86_64 | 0.0.3 | 11.60 | 90.72 | 102.32 | NOTE | |
r-release-macos-arm64 | 0.0.3 | 37.00 | NOTE | |||
r-release-macos-x86_64 | 0.0.3 | 59.00 | NOTE | |||
r-release-windows-x86_64 | 0.0.3 | 11.00 | 80.00 | 91.00 | NOTE | |
r-oldrel-macos-arm64 | 0.0.3 | 41.00 | NOTE | |||
r-oldrel-macos-x86_64 | 0.0.3 | 87.00 | NOTE | |||
r-oldrel-windows-x86_64 | 0.0.3 | 16.00 | 98.00 | 114.00 | NOTE |
Version: 0.0.3
Check: LazyData
Result: NOTE
'LazyData' is specified without a 'data' directory
Flavors: r-devel-linux-x86_64-debian-clang, r-devel-linux-x86_64-debian-gcc, r-devel-linux-x86_64-fedora-clang, r-devel-linux-x86_64-fedora-gcc, r-devel-windows-x86_64, r-patched-linux-x86_64, r-release-linux-x86_64, r-release-macos-arm64, r-release-macos-x86_64, r-release-windows-x86_64, r-oldrel-macos-arm64, r-oldrel-macos-x86_64, r-oldrel-windows-x86_64