Last updated on 2024-07-13 11:49:29 CEST.
Flavor | Version | Tinstall | Tcheck | Ttotal | Status | Flags |
---|---|---|---|---|---|---|
r-devel-linux-x86_64-debian-clang | 1.0.3 | 4.97 | 39.89 | 44.86 | OK | |
r-devel-linux-x86_64-debian-gcc | 1.0.3 | 4.14 | 30.45 | 34.59 | OK | |
r-devel-linux-x86_64-fedora-clang | 1.0.3 | 56.87 | NOTE | |||
r-devel-linux-x86_64-fedora-gcc | 1.0.3 | 56.14 | NOTE | |||
r-devel-windows-x86_64 | 1.0.3 | 7.00 | 56.00 | 63.00 | OK | |
r-patched-linux-x86_64 | 1.0.3 | 5.07 | 37.97 | 43.04 | OK | |
r-release-linux-x86_64 | 1.0.3 | 3.10 | 38.37 | 41.47 | OK | |
r-release-macos-arm64 | 1.0.3 | 21.00 | OK | |||
r-release-macos-x86_64 | 1.0.3 | 32.00 | OK | |||
r-release-windows-x86_64 | 1.0.3 | 7.00 | 56.00 | 63.00 | OK | |
r-oldrel-macos-arm64 | 1.0.3 | 25.00 | OK | |||
r-oldrel-macos-x86_64 | 1.0.3 | 45.00 | OK | |||
r-oldrel-windows-x86_64 | 1.0.3 | 7.00 | 62.00 | 69.00 | OK |
Version: 1.0.3
Check: dependencies in R code
Result: NOTE
Namespace in Imports field not imported from: ‘prettymapr’
All declared Imports should be used.
Flavors: r-devel-linux-x86_64-fedora-clang, r-devel-linux-x86_64-fedora-gcc