Last updated on 2024-06-27 16:49:16 CEST.
Flavor | Version | Tinstall | Tcheck | Ttotal | Status | Flags |
---|---|---|---|---|---|---|
r-devel-linux-x86_64-debian-clang | 0.99.6 | OK | ||||
r-devel-linux-x86_64-debian-gcc | 0.99.6 | 21.14 | 224.93 | 246.07 | OK | |
r-devel-linux-x86_64-fedora-clang | 0.99.6 | 415.57 | NOTE | |||
r-devel-linux-x86_64-fedora-gcc | 0.99.6 | 400.21 | OK | |||
r-devel-windows-x86_64 | 0.99.6 | 24.00 | 219.00 | 243.00 | OK | |
r-patched-linux-x86_64 | 0.99.6 | 21.13 | 295.95 | 317.08 | OK | |
r-release-linux-x86_64 | 0.99.6 | 27.26 | 292.60 | 319.86 | OK | |
r-release-macos-arm64 | 0.99.6 | 113.00 | OK | |||
r-release-macos-x86_64 | 0.99.6 | 159.00 | OK | |||
r-release-windows-x86_64 | 0.99.6 | 24.00 | 218.00 | 242.00 | OK | |
r-oldrel-macos-arm64 | 0.99.6 | 120.00 | OK | |||
r-oldrel-macos-x86_64 | 0.99.6 | 212.00 | OK | |||
r-oldrel-windows-x86_64 | 0.99.6 | 31.00 | 288.00 | 319.00 | OK |
Version: 0.99.6
Check: package dependencies
Result: NOTE
Imports includes 22 non-default packages.
Importing from so many packages makes the package vulnerable to any of
them becoming unavailable. Move as many as possible to Suggests and
use conditionally.
Flavor: r-devel-linux-x86_64-fedora-clang