Last updated on 2024-07-13 11:49:28 CEST.
Flavor | Version | Tinstall | Tcheck | Ttotal | Status | Flags |
---|---|---|---|---|---|---|
r-devel-linux-x86_64-debian-clang | 2024.1.31 | 97.08 | 127.69 | 224.77 | OK | |
r-devel-linux-x86_64-debian-gcc | 2024.1.31 | 92.18 | 98.08 | 190.26 | OK | |
r-devel-linux-x86_64-fedora-clang | 2024.1.31 | 277.09 | OK | |||
r-devel-linux-x86_64-fedora-gcc | 2024.1.31 | 400.30 | OK | |||
r-devel-windows-x86_64 | 2024.1.31 | 81.00 | 126.00 | 207.00 | NOTE | |
r-patched-linux-x86_64 | 2024.1.31 | 109.03 | 125.74 | 234.77 | OK | |
r-release-linux-x86_64 | 2024.1.31 | 107.56 | 126.45 | 234.01 | OK | |
r-release-macos-arm64 | 2024.1.31 | 88.00 | NOTE | |||
r-release-macos-x86_64 | 2024.1.31 | 146.00 | NOTE | |||
r-release-windows-x86_64 | 2024.1.31 | 79.00 | 124.00 | 203.00 | NOTE | |
r-oldrel-macos-arm64 | 2024.1.31 | 93.00 | NOTE | |||
r-oldrel-macos-x86_64 | 2024.1.31 | 208.00 | NOTE | |||
r-oldrel-windows-x86_64 | 2024.1.31 | 103.00 | 161.00 | 264.00 | NOTE |
Version: 2024.1.31
Check: installed package size
Result: NOTE
installed size is 13.4Mb
sub-directories of 1Mb or more:
libs 12.6Mb
Flavors: r-devel-windows-x86_64, r-release-macos-arm64, r-release-macos-x86_64, r-release-windows-x86_64, r-oldrel-macos-arm64, r-oldrel-macos-x86_64, r-oldrel-windows-x86_64