Last updated on 2024-07-13 05:49:27 CEST.
Flavor | Version | Tinstall | Tcheck | Ttotal | Status | Flags |
---|---|---|---|---|---|---|
r-devel-linux-x86_64-debian-clang | 1.0.3 | 39.03 | 32.71 | 71.74 | NOTE | |
r-devel-linux-x86_64-debian-gcc | 1.0.3 | 30.26 | 24.91 | 55.17 | NOTE | |
r-devel-linux-x86_64-fedora-clang | 1.0.3 | 101.97 | NOTE | |||
r-devel-linux-x86_64-fedora-gcc | 1.0.3 | 115.21 | NOTE | |||
r-devel-windows-x86_64 | 1.0.3 | 34.00 | 77.00 | 111.00 | NOTE | |
r-patched-linux-x86_64 | 1.0.3 | 31.19 | 30.66 | 61.85 | NOTE | |
r-release-linux-x86_64 | 1.0.3 | 31.14 | 30.94 | 62.08 | NOTE | |
r-release-macos-arm64 | 1.0.3 | 31.00 | NOTE | |||
r-release-macos-x86_64 | 1.0.3 | 41.00 | NOTE | |||
r-release-windows-x86_64 | 1.0.3 | 36.00 | 66.00 | 102.00 | NOTE | |
r-oldrel-macos-arm64 | 1.0.3 | 34.00 | NOTE | |||
r-oldrel-macos-x86_64 | 1.0.3 | 52.00 | NOTE | |||
r-oldrel-windows-x86_64 | 1.0.3 | 41.00 | 81.00 | 122.00 | NOTE |
Version: 1.0.3
Check: C++ specification
Result: NOTE
Specified C++11: please drop specification unless essential
Flavors: r-devel-linux-x86_64-debian-clang, r-devel-linux-x86_64-debian-gcc, r-devel-linux-x86_64-fedora-clang, r-devel-linux-x86_64-fedora-gcc, r-devel-windows-x86_64, r-patched-linux-x86_64, r-release-linux-x86_64, r-release-macos-arm64, r-release-macos-x86_64, r-release-windows-x86_64, r-oldrel-macos-arm64, r-oldrel-macos-x86_64, r-oldrel-windows-x86_64
Version: 1.0.3
Check: Rd files
Result: NOTE
checkRd: (-1) SMMA.Rd:115: Lost braces
115 | is the empirical explained variance from \cite{Meinshausen and B{u}hlmann, 2015}. See \cite{Lund et al., 2020} for more details and references.
| ^
checkRd: (-1) SMMA.Rd:170: Lost braces
170 | Meinshausen, N and P. B{u}hlmann (2015). Maximin effects in inhomogeneous large-scale data.
| ^
Flavors: r-devel-linux-x86_64-debian-clang, r-devel-linux-x86_64-debian-gcc, r-devel-linux-x86_64-fedora-clang, r-devel-linux-x86_64-fedora-gcc, r-devel-windows-x86_64, r-patched-linux-x86_64, r-release-linux-x86_64, r-release-macos-arm64, r-release-macos-x86_64, r-release-windows-x86_64