Last updated on 2024-08-10 16:49:08 CEST.
Flavor | Version | Tinstall | Tcheck | Ttotal | Status | Flags |
---|---|---|---|---|---|---|
r-devel-linux-x86_64-debian-clang | 0.5.1 | 115.28 | 128.28 | 243.56 | OK | |
r-devel-linux-x86_64-debian-gcc | 0.5.1 | 80.28 | 93.08 | 173.36 | OK | |
r-devel-linux-x86_64-fedora-clang | 0.5.1 | 467.83 | OK | |||
r-devel-linux-x86_64-fedora-gcc | 0.5.1 | 514.90 | OK | |||
r-devel-windows-x86_64 | 0.5.1 | 128.00 | 194.00 | 322.00 | OK | |
r-patched-linux-x86_64 | 0.5.1 | 108.24 | 122.60 | 230.84 | OK | |
r-release-linux-x86_64 | 0.5.1 | 106.23 | 123.53 | 229.76 | OK | |
r-release-macos-arm64 | 0.5.1 | 134.00 | NOTE | |||
r-release-macos-x86_64 | 0.5.1 | 255.00 | NOTE | |||
r-release-windows-x86_64 | 0.5.1 | 127.00 | 195.00 | 322.00 | OK | |
r-oldrel-macos-arm64 | 0.5.1 | 157.00 | NOTE | |||
r-oldrel-macos-x86_64 | 0.5.1 | 206.00 | NOTE | |||
r-oldrel-windows-x86_64 | 0.5.1 | 147.00 | 228.00 | 375.00 | OK |
Version: 0.5.1
Check: installed package size
Result: NOTE
installed size is 9.0Mb
sub-directories of 1Mb or more:
libs 8.5Mb
Flavors: r-release-macos-arm64, r-release-macos-x86_64, r-oldrel-macos-arm64, r-oldrel-macos-x86_64