Last updated on 2024-07-13 11:49:27 CEST.
Flavor | Version | Tinstall | Tcheck | Ttotal | Status | Flags |
---|---|---|---|---|---|---|
r-devel-linux-x86_64-debian-clang | 0.1.1 | 5.87 | 77.97 | 83.84 | OK | |
r-devel-linux-x86_64-debian-gcc | 0.1.1 | 4.55 | 57.44 | 61.99 | OK | |
r-devel-linux-x86_64-fedora-clang | 0.1.1 | 103.69 | OK | |||
r-devel-linux-x86_64-fedora-gcc | 0.1.1 | 118.52 | OK | |||
r-devel-windows-x86_64 | 0.1.1 | 8.00 | 86.00 | 94.00 | OK | |
r-patched-linux-x86_64 | 0.1.1 | 5.44 | 73.89 | 79.33 | OK | |
r-release-linux-x86_64 | 0.1.1 | 5.95 | 72.17 | 78.12 | OK | |
r-release-macos-arm64 | 0.1.1 | 48.00 | OK | |||
r-release-macos-x86_64 | 0.1.1 | 90.00 | OK | |||
r-release-windows-x86_64 | 0.1.1 | 7.00 | 91.00 | 98.00 | OK | |
r-oldrel-macos-arm64 | 0.1.1 | 49.00 | ERROR | |||
r-oldrel-macos-x86_64 | 0.1.1 | 84.00 | ERROR | |||
r-oldrel-windows-x86_64 | 0.1.1 | 8.00 | 100.00 | 108.00 | OK |
Version: 0.1.1
Check: running R code from vignettes
Result: ERROR
Errors in running code in vignettes:
when running code in ‘getting_started.Rmd’
...
> knitr::opts_chunk$set(echo = TRUE, eval = FALSE, collapse = TRUE,
+ comment = "#>")
> SIAtools::create_module_project("path/to/your/new/project")
When sourcing ‘getting_started.R’:
Error: Directory 'path/to/your/new' does not exist.
Execution halted
when running code in ‘imports.Rmd’
...
> knitr::opts_chunk$set(echo = TRUE, eval = FALSE, collapse = TRUE,
+ comment = "#>")
> parent_session <- .subset2(session, "parent")
When sourcing ‘imports.R’:
Error: object 'session' not found
Execution halted
‘getting_started.Rmd’ using ‘UTF-8’... failed
‘imports.Rmd’ using ‘UTF-8’... failed
Flavors: r-oldrel-macos-arm64, r-oldrel-macos-x86_64