Last updated on 2024-07-13 11:49:27 CEST.
Flavor | Version | Tinstall | Tcheck | Ttotal | Status | Flags |
---|---|---|---|---|---|---|
r-devel-linux-x86_64-debian-clang | 0.9-55 | 10.28 | 76.82 | 87.10 | OK | |
r-devel-linux-x86_64-debian-gcc | 0.9-55 | 6.17 | 56.93 | 63.10 | OK | |
r-devel-linux-x86_64-fedora-clang | 0.9-55 | 110.99 | NOTE | |||
r-devel-linux-x86_64-fedora-gcc | 0.9-55 | 127.32 | NOTE | |||
r-devel-windows-x86_64 | 0.9-55 | 11.00 | 74.00 | 85.00 | OK | |
r-patched-linux-x86_64 | 0.9-55 | 10.46 | 74.30 | 84.76 | OK | |
r-release-linux-x86_64 | 0.9-55 | 7.49 | 74.24 | 81.73 | OK | |
r-release-macos-arm64 | 0.9-55 | 39.00 | OK | |||
r-release-macos-x86_64 | 0.9-55 | 59.00 | OK | |||
r-release-windows-x86_64 | 0.9-55 | 10.00 | 72.00 | 82.00 | OK | |
r-oldrel-macos-arm64 | 0.9-55 | 42.00 | OK | |||
r-oldrel-macos-x86_64 | 0.9-55 | 63.00 | OK | |||
r-oldrel-windows-x86_64 | 0.9-55 | 14.00 | 84.00 | 98.00 | OK |
Version: 0.9-55
Check: data for non-ASCII characters
Result: NOTE
Note: found 2 marked UTF-8 strings
Flavors: r-devel-linux-x86_64-fedora-clang, r-devel-linux-x86_64-fedora-gcc