Last updated on 2024-06-27 16:49:15 CEST.
Flavor | Version | Tinstall | Tcheck | Ttotal | Status | Flags |
---|---|---|---|---|---|---|
r-devel-linux-x86_64-debian-clang | 1.0.0 | NOTE | ||||
r-devel-linux-x86_64-debian-gcc | 1.0.0 | 6.85 | 84.25 | 91.10 | NOTE | |
r-devel-linux-x86_64-fedora-clang | 1.0.0 | 149.11 | NOTE | |||
r-devel-linux-x86_64-fedora-gcc | 1.0.0 | 164.61 | NOTE | |||
r-devel-windows-x86_64 | 1.0.0 | 7.00 | 100.00 | 107.00 | NOTE | |
r-patched-linux-x86_64 | 1.0.0 | 6.70 | 111.81 | 118.51 | NOTE | |
r-release-linux-x86_64 | 1.0.0 | 7.29 | 112.13 | 119.42 | NOTE | |
r-release-macos-arm64 | 1.0.0 | 43.00 | NOTE | |||
r-release-macos-x86_64 | 1.0.0 | 75.00 | NOTE | |||
r-release-windows-x86_64 | 1.0.0 | 9.00 | 102.00 | 111.00 | NOTE | |
r-oldrel-macos-arm64 | 1.0.0 | 58.00 | NOTE | |||
r-oldrel-macos-x86_64 | 1.0.0 | 94.00 | NOTE | |||
r-oldrel-windows-x86_64 | 1.0.0 | 10.00 | 119.00 | 129.00 | NOTE |
Version: 1.0.0
Check: LazyData
Result: NOTE
'LazyData' is specified without a 'data' directory
Flavors: r-devel-linux-x86_64-debian-clang, r-devel-linux-x86_64-debian-gcc, r-devel-linux-x86_64-fedora-clang, r-devel-linux-x86_64-fedora-gcc, r-devel-windows-x86_64, r-patched-linux-x86_64, r-release-linux-x86_64, r-release-macos-arm64, r-release-macos-x86_64, r-release-windows-x86_64, r-oldrel-macos-arm64, r-oldrel-macos-x86_64, r-oldrel-windows-x86_64
Version: 1.0.0
Check: dependencies in R code
Result: NOTE
Namespace in Imports field not imported from: ‘network’
All declared Imports should be used.
Flavors: r-devel-linux-x86_64-fedora-clang, r-devel-linux-x86_64-fedora-gcc