Last updated on 2024-06-27 16:49:15 CEST.
Flavor | Version | Tinstall | Tcheck | Ttotal | Status | Flags |
---|---|---|---|---|---|---|
r-devel-linux-x86_64-debian-clang | 0.1.1 | OK | ||||
r-devel-linux-x86_64-debian-gcc | 0.1.1 | 128.80 | 36.34 | 165.14 | OK | |
r-devel-linux-x86_64-fedora-clang | 0.1.1 | 364.51 | OK | |||
r-devel-linux-x86_64-fedora-gcc | 0.1.1 | 371.23 | OK | |||
r-devel-windows-x86_64 | 0.1.1 | 147.00 | 82.00 | 229.00 | OK | |
r-patched-linux-x86_64 | 0.1.1 | 164.53 | 45.86 | 210.39 | OK | |
r-release-linux-x86_64 | 0.1.1 | 153.83 | 46.57 | 200.40 | OK | |
r-release-macos-arm64 | 0.1.1 | 63.00 | NOTE | |||
r-release-macos-x86_64 | 0.1.1 | 76.00 | NOTE | |||
r-release-windows-x86_64 | 0.1.1 | 153.00 | 89.00 | 242.00 | OK | |
r-oldrel-macos-arm64 | 0.1.1 | 67.00 | NOTE | |||
r-oldrel-macos-x86_64 | 0.1.1 | 86.00 | NOTE | |||
r-oldrel-windows-x86_64 | 0.1.1 | 181.00 | 93.00 | 274.00 | OK |
Version: 0.1.1
Check: installed package size
Result: NOTE
installed size is 5.3Mb
sub-directories of 1Mb or more:
libs 5.0Mb
Flavors: r-release-macos-arm64, r-release-macos-x86_64, r-oldrel-macos-arm64, r-oldrel-macos-x86_64