Last updated on 2024-07-13 11:49:26 CEST.
Flavor | Version | Tinstall | Tcheck | Ttotal | Status | Flags |
---|---|---|---|---|---|---|
r-devel-linux-x86_64-debian-clang | 1.1.1 | 28.57 | 558.99 | 587.56 | OK | |
r-devel-linux-x86_64-debian-gcc | 1.1.1 | 24.97 | 387.28 | 412.25 | OK | |
r-devel-linux-x86_64-fedora-clang | 1.1.1 | 722.57 | OK | |||
r-devel-linux-x86_64-fedora-gcc | 1.1.1 | 700.13 | OK | |||
r-devel-windows-x86_64 | 1.1.1 | 17.00 | 340.00 | 357.00 | NOTE | |
r-patched-linux-x86_64 | 1.1.1 | 26.35 | 532.83 | 559.18 | OK | |
r-release-linux-x86_64 | 1.1.1 | 0.29 | 2.32 | 2.61 | ERROR | |
r-release-macos-arm64 | 1.1.1 | 151.00 | OK | |||
r-release-macos-x86_64 | 1.1.1 | 327.00 | OK | |||
r-release-windows-x86_64 | 1.1.1 | 16.00 | 328.00 | 344.00 | OK | |
r-oldrel-macos-arm64 | 1.1.1 | 176.00 | OK | |||
r-oldrel-macos-x86_64 | 1.1.1 | 381.00 | OK | |||
r-oldrel-windows-x86_64 | 1.1.1 | 22.00 | 475.00 | 497.00 | OK |
Version: 1.1.1
Check: Rd cross-references
Result: NOTE
Found the following Rd file(s) with Rd \link{} targets missing package
anchors:
get_OC.Rd: decision2S
Please provide package anchors for all Rd \link{} targets not in the
package itself and the base packages.
Flavor: r-devel-windows-x86_64
Version: 1.1.1
Check: package dependencies
Result: ERROR
Package required but not available: ‘RBesT’
See section ‘The DESCRIPTION file’ in the ‘Writing R Extensions’
manual.
Flavor: r-release-linux-x86_64