Last updated on 2024-07-13 05:49:25 CEST.
Flavor | Version | Tinstall | Tcheck | Ttotal | Status | Flags |
---|---|---|---|---|---|---|
r-devel-linux-x86_64-debian-clang | 0.1.0-1 | 55.14 | 236.44 | 291.58 | OK | |
r-devel-linux-x86_64-debian-gcc | 0.1.0-1 | 33.56 | 219.38 | 252.94 | OK | |
r-devel-linux-x86_64-fedora-clang | 0.1.0-1 | 382.20 | NOTE | |||
r-devel-linux-x86_64-fedora-gcc | 0.1.0-1 | 475.96 | NOTE | |||
r-devel-windows-x86_64 | 0.1.0-1 | 42.00 | 246.00 | 288.00 | OK | |
r-patched-linux-x86_64 | 0.1.0-1 | 45.59 | 286.23 | 331.82 | OK | |
r-release-linux-x86_64 | 0.1.0-1 | 45.35 | 291.39 | 336.74 | OK | |
r-release-macos-arm64 | 0.1.0-1 | 149.00 | OK | |||
r-release-macos-x86_64 | 0.1.0-1 | 201.00 | OK | |||
r-release-windows-x86_64 | 0.1.0-1 | 42.00 | 247.00 | 289.00 | OK | |
r-oldrel-macos-arm64 | 0.1.0-1 | 152.00 | OK | |||
r-oldrel-macos-x86_64 | 0.1.0-1 | 253.00 | OK | |||
r-oldrel-windows-x86_64 | 0.1.0-1 | 53.00 | 311.00 | 364.00 | OK |
Version: 0.1.0-1
Check: dependencies in R code
Result: NOTE
Namespace in Imports field not imported from: ‘Rcpp’
All declared Imports should be used.
Flavors: r-devel-linux-x86_64-fedora-clang, r-devel-linux-x86_64-fedora-gcc