Last updated on 2024-06-27 16:49:14 CEST.
Flavor | Version | Tinstall | Tcheck | Ttotal | Status | Flags |
---|---|---|---|---|---|---|
r-devel-linux-x86_64-debian-clang | 0.1-33 | OK | ||||
r-devel-linux-x86_64-debian-gcc | 0.1-33 | 2.81 | 18.64 | 21.45 | OK | |
r-devel-linux-x86_64-fedora-clang | 0.1-33 | 39.91 | NOTE | |||
r-devel-linux-x86_64-fedora-gcc | 0.1-33 | 38.90 | OK | |||
r-devel-windows-x86_64 | 0.1-33 | 17.00 | 94.00 | 111.00 | NOTE | |
r-patched-linux-x86_64 | 0.1-33 | 3.83 | 22.44 | 26.27 | OK | |
r-release-linux-x86_64 | 0.1-33 | 3.53 | 22.93 | 26.46 | OK | |
r-release-macos-arm64 | 0.1-33 | 21.00 | OK | |||
r-release-macos-x86_64 | 0.1-33 | 34.00 | OK | |||
r-release-windows-x86_64 | 0.1-33 | 15.00 | 95.00 | 110.00 | NOTE | |
r-oldrel-macos-arm64 | 0.1-33 | 21.00 | OK | |||
r-oldrel-macos-x86_64 | 0.1-33 | 26.00 | OK | |||
r-oldrel-windows-x86_64 | 0.1-33 | 19.00 | 104.00 | 123.00 | NOTE |
Version: 0.1-33
Check: Rd cross-references
Result: NOTE
Undeclared packages ‘lpSolve’, ‘Rglpk’ in Rd xrefs
Flavor: r-devel-linux-x86_64-fedora-clang
Version: 0.1-33
Check: installed package size
Result: NOTE
installed size is 5.8Mb
sub-directories of 1Mb or more:
libs 5.8Mb
Flavors: r-devel-windows-x86_64, r-release-windows-x86_64, r-oldrel-windows-x86_64