Last updated on 2024-07-13 11:49:26 CEST.
Flavor | Version | Tinstall | Tcheck | Ttotal | Status | Flags |
---|---|---|---|---|---|---|
r-devel-linux-x86_64-debian-clang | 1.0.8 | 13.41 | 89.56 | 102.97 | OK | |
r-devel-linux-x86_64-debian-gcc | 1.0.8 | 13.15 | 63.90 | 77.05 | OK | |
r-devel-linux-x86_64-fedora-clang | 1.0.8 | 137.56 | OK | |||
r-devel-linux-x86_64-fedora-gcc | 1.0.8 | 146.09 | OK | |||
r-devel-windows-x86_64 | 1.0.8 | 18.00 | 98.00 | 116.00 | NOTE | |
r-patched-linux-x86_64 | 1.0.8 | 21.09 | 86.57 | 107.66 | OK | |
r-release-linux-x86_64 | 1.0.8 | 16.20 | 84.45 | 100.65 | OK | |
r-release-macos-arm64 | 1.0.8 | 43.00 | OK | |||
r-release-macos-x86_64 | 1.0.8 | 62.00 | OK | |||
r-release-windows-x86_64 | 1.0.8 | 19.00 | 97.00 | 116.00 | OK | |
r-oldrel-macos-arm64 | 1.0.8 | 46.00 | OK | |||
r-oldrel-macos-x86_64 | 1.0.8 | 112.00 | OK | |||
r-oldrel-windows-x86_64 | 1.0.8 | 22.00 | 110.00 | 132.00 | OK |
Version: 1.0.8
Check: Rd cross-references
Result: NOTE
Found the following Rd file(s) with Rd \link{} targets missing package
anchors:
MMPY.Rd: lmrob
SMPY.Rd: splitFrame, lmrob
drop1.lmrobdetMM.Rd: lmrob
lmrobdet.control.Rd: pyinit
rho.Rd: Mpsi
rhoprime.Rd: Mpsi
rhoprime2.Rd: Mpsi
Please provide package anchors for all Rd \link{} targets not in the
package itself and the base packages.
Flavor: r-devel-windows-x86_64