Last updated on 2024-07-13 05:49:24 CEST.
Flavor | Version | Tinstall | Tcheck | Ttotal | Status | Flags |
---|---|---|---|---|---|---|
r-devel-linux-x86_64-debian-clang | 4.0 | 4.12 | 66.51 | 70.63 | NOTE | |
r-devel-linux-x86_64-debian-gcc | 4.0 | 2.97 | 50.21 | 53.18 | NOTE | |
r-devel-linux-x86_64-fedora-clang | 4.0 | 89.58 | NOTE | |||
r-devel-linux-x86_64-fedora-gcc | 4.0 | 89.34 | NOTE | |||
r-devel-windows-x86_64 | 4.0 | 5.00 | 87.00 | 92.00 | NOTE | |
r-patched-linux-x86_64 | 4.0 | 4.16 | 63.49 | 67.65 | NOTE | |
r-release-linux-x86_64 | 4.0 | 3.87 | 62.47 | 66.34 | NOTE | |
r-release-macos-arm64 | 4.0 | 34.00 | NOTE | |||
r-release-macos-x86_64 | 4.0 | 69.00 | NOTE | |||
r-release-windows-x86_64 | 4.0 | 6.00 | 86.00 | 92.00 | NOTE | |
r-oldrel-macos-arm64 | 4.0 | 49.00 | NOTE | |||
r-oldrel-macos-x86_64 | 4.0 | 91.00 | NOTE | |||
r-oldrel-windows-x86_64 | 4.0 | 8.00 | 97.00 | 105.00 | NOTE |
Version: 4.0
Check: Rd files
Result: NOTE
checkRd: (-1) Exponential.Rd:52: Escaped LaTeX specials: \&
checkRd: (-1) Gamma.Rd:80: Escaped LaTeX specials: \&
checkRd: (-1) college.Rd:13: Escaped LaTeX specials: \$
checkRd: (-1) college.Rd:15: Escaped LaTeX specials: \$
Flavors: r-devel-linux-x86_64-debian-clang, r-devel-linux-x86_64-debian-gcc, r-devel-linux-x86_64-fedora-clang, r-devel-linux-x86_64-fedora-gcc, r-devel-windows-x86_64, r-patched-linux-x86_64, r-release-linux-x86_64, r-release-macos-arm64, r-release-macos-x86_64, r-release-windows-x86_64, r-oldrel-macos-arm64, r-oldrel-macos-x86_64, r-oldrel-windows-x86_64