Last updated on 2024-07-13 11:49:25 CEST.
Flavor | Version | Tinstall | Tcheck | Ttotal | Status | Flags |
---|---|---|---|---|---|---|
r-devel-linux-x86_64-debian-clang | 0.1.4 | 336.14 | 250.02 | 586.16 | NOTE | |
r-devel-linux-x86_64-debian-gcc | 0.1.4 | 237.79 | 183.06 | 420.85 | NOTE | |
r-devel-linux-x86_64-fedora-clang | 0.1.4 | 862.91 | NOTE | |||
r-devel-linux-x86_64-fedora-gcc | 0.1.4 | 878.70 | NOTE | |||
r-devel-windows-x86_64 | 0.1.4 | 259.00 | 230.00 | 489.00 | NOTE | |
r-patched-linux-x86_64 | 0.1.4 | 284.79 | 226.74 | 511.53 | NOTE | |
r-release-linux-x86_64 | 0.1.4 | 242.43 | 228.70 | 471.13 | NOTE | |
r-release-macos-arm64 | 0.1.4 | 164.00 | NOTE | |||
r-release-macos-x86_64 | 0.1.4 | 212.00 | NOTE | |||
r-release-windows-x86_64 | 0.1.4 | 248.00 | 221.00 | 469.00 | NOTE | |
r-oldrel-macos-arm64 | 0.1.4 | 200.00 | NOTE | |||
r-oldrel-macos-x86_64 | 0.1.4 | 341.00 | NOTE | |||
r-oldrel-windows-x86_64 | 0.1.4 | 315.00 | 286.00 | 601.00 | NOTE |
Version: 0.1.4
Check: C++ specification
Result: NOTE
Specified C++11: please drop specification unless essential
Flavors: r-devel-linux-x86_64-debian-clang, r-devel-linux-x86_64-debian-gcc, r-devel-linux-x86_64-fedora-clang, r-devel-linux-x86_64-fedora-gcc, r-devel-windows-x86_64, r-patched-linux-x86_64, r-release-linux-x86_64, r-release-macos-arm64, r-release-macos-x86_64, r-release-windows-x86_64, r-oldrel-macos-arm64, r-oldrel-macos-x86_64, r-oldrel-windows-x86_64
Version: 0.1.4
Check: Rd files
Result: NOTE
checkRd: (-1) acg.Rd:72: Escaped LaTeX specials: \&
checkRd: (-1) gorilla.Rd:41: Escaped LaTeX specials: \&
checkRd: (-1) grassmann.utest.Rd:63: Escaped LaTeX specials: \&
checkRd: (-1) macg.Rd:71: Escaped LaTeX specials: \&
checkRd: (-1) sphere.utest.Rd:47: Escaped LaTeX specials: \&
checkRd: (-1) stiefel.utest.Rd:64: Escaped LaTeX specials: \&
checkRd: (-1) wrap.landmark.Rd:41: Escaped LaTeX specials: \&
Flavors: r-devel-linux-x86_64-debian-clang, r-devel-linux-x86_64-debian-gcc, r-devel-linux-x86_64-fedora-clang, r-devel-linux-x86_64-fedora-gcc, r-devel-windows-x86_64, r-patched-linux-x86_64, r-release-linux-x86_64, r-release-macos-arm64, r-release-macos-x86_64, r-release-windows-x86_64, r-oldrel-macos-arm64, r-oldrel-macos-x86_64, r-oldrel-windows-x86_64
Version: 0.1.4
Check: installed package size
Result: NOTE
installed size is 17.8Mb
sub-directories of 1Mb or more:
data 1.6Mb
libs 15.4Mb
Flavors: r-release-macos-arm64, r-release-macos-x86_64, r-oldrel-macos-arm64, r-oldrel-macos-x86_64