Last updated on 2024-06-27 16:49:13 CEST.
Flavor | Version | Tinstall | Tcheck | Ttotal | Status | Flags |
---|---|---|---|---|---|---|
r-devel-linux-x86_64-debian-clang | 2.1.0 | NOTE | ||||
r-devel-linux-x86_64-debian-gcc | 2.1.0 | 1042.27 | 96.02 | 1138.29 | NOTE | |
r-devel-linux-x86_64-fedora-clang | 2.1.0 | 2405.86 | NOTE | |||
r-devel-linux-x86_64-fedora-gcc | 2.1.0 | 2647.99 | NOTE | |||
r-devel-windows-x86_64 | 2.1.0 | 1191.00 | 198.00 | 1389.00 | NOTE | |
r-patched-linux-x86_64 | 2.1.0 | 1253.38 | 128.08 | 1381.46 | OK | |
r-release-linux-x86_64 | 2.1.0 | 1284.73 | 125.31 | 1410.04 | OK | |
r-release-macos-arm64 | 2.1.0 | 356.00 | NOTE | |||
r-release-macos-x86_64 | 2.1.0 | 282.00 | NOTE | |||
r-release-windows-x86_64 | 2.1.0 | 1256.00 | 214.00 | 1470.00 | NOTE | |
r-oldrel-macos-arm64 | 2.1.0 | 378.00 | NOTE | |||
r-oldrel-macos-x86_64 | 2.1.0 | 320.00 | NOTE | |||
r-oldrel-windows-x86_64 | 2.1.0 | 1425.00 | 235.00 | 1660.00 | NOTE |
Version: 2.1.0
Check: compiled code
Result: NOTE
File ‘Rfast/libs/Rfast.so’:
Found non-API call to R: ‘HASHTAB’
Compiled code should not call non-API entry points in R.
See ‘Writing portable packages’ in the ‘Writing R Extensions’ manual.
Flavors: r-devel-linux-x86_64-debian-clang, r-devel-linux-x86_64-fedora-clang, r-devel-linux-x86_64-fedora-gcc
Version: 2.1.0
Check: compiled code
Result: NOTE
File ‘Rfast/libs/Rfast.so’:
Found non-API call to R: ‘HASHTAB’
Compiled code should not call non-API entry points in R.
See ‘Writing portable packages’ in the ‘Writing R Extensions’ manual.
See section ‘Moving into C API compliance’ in the ‘Writing R
Extensions’ manual for issues with use of non-API entry points.
Flavor: r-devel-linux-x86_64-debian-gcc
Version: 2.1.0
Check: installed package size
Result: NOTE
installed size is 5.6Mb
sub-directories of 1Mb or more:
libs 4.2Mb
Flavors: r-devel-linux-x86_64-fedora-clang, r-devel-windows-x86_64, r-release-macos-arm64, r-release-macos-x86_64, r-release-windows-x86_64, r-oldrel-macos-arm64, r-oldrel-macos-x86_64, r-oldrel-windows-x86_64
Version: 2.1.0
Check: compiled code
Result: NOTE
File 'Rfast/libs/x64/Rfast.dll':
Found non-API call to R: 'HASHTAB'
Compiled code should not call non-API entry points in R.
See 'Writing portable packages' in the 'Writing R Extensions' manual.
Flavor: r-devel-windows-x86_64