Last updated on 2024-06-27 16:49:13 CEST.
Flavor | Version | Tinstall | Tcheck | Ttotal | Status | Flags |
---|---|---|---|---|---|---|
r-devel-linux-x86_64-debian-clang | 1.2.3 | OK | ||||
r-devel-linux-x86_64-debian-gcc | 1.2.3 | 54.85 | 56.49 | 111.34 | OK | |
r-devel-linux-x86_64-fedora-clang | 1.2.3 | 214.76 | OK | |||
r-devel-linux-x86_64-fedora-gcc | 1.2.3 | 222.81 | OK | |||
r-devel-windows-x86_64 | 1.2.3 | 62.00 | 108.00 | 170.00 | OK | |
r-patched-linux-x86_64 | 1.2.3 | 64.48 | 71.13 | 135.61 | OK | |
r-release-linux-x86_64 | 1.2.3 | 70.82 | 73.05 | 143.87 | OK | |
r-release-macos-arm64 | 1.2.3 | 76.00 | NOTE | |||
r-release-macos-x86_64 | 1.2.3 | 76.00 | NOTE | |||
r-release-windows-x86_64 | 1.2.3 | 62.00 | 104.00 | 166.00 | OK | |
r-oldrel-macos-arm64 | 1.2.3 | 70.00 | NOTE | |||
r-oldrel-macos-x86_64 | 1.2.3 | 134.00 | NOTE | |||
r-oldrel-windows-x86_64 | 1.2.3 | 63.00 | 122.00 | 185.00 | OK |
Version: 1.2.3
Check: installed package size
Result: NOTE
installed size is 6.3Mb
sub-directories of 1Mb or more:
libs 3.4Mb
swagger 1.4Mb
Flavors: r-release-macos-arm64, r-release-macos-x86_64, r-oldrel-macos-arm64, r-oldrel-macos-x86_64