Last updated on 2024-07-13 11:49:25 CEST.
Flavor | Version | Tinstall | Tcheck | Ttotal | Status | Flags |
---|---|---|---|---|---|---|
r-devel-linux-x86_64-debian-clang | 0.3.0 | 9.80 | 158.21 | 168.01 | OK | |
r-devel-linux-x86_64-debian-gcc | 0.3.0 | 8.38 | 105.47 | 113.85 | OK | |
r-devel-linux-x86_64-fedora-clang | 0.3.0 | 202.40 | OK | |||
r-devel-linux-x86_64-fedora-gcc | 0.3.0 | 196.59 | OK | |||
r-devel-windows-x86_64 | 0.3.0 | 11.00 | 118.00 | 129.00 | NOTE | |
r-patched-linux-x86_64 | 0.3.0 | 17.43 | 144.49 | 161.92 | OK | |
r-release-linux-x86_64 | 0.3.0 | 10.41 | 143.75 | 154.16 | OK | |
r-release-macos-arm64 | 0.3.0 | 52.00 | OK | |||
r-release-macos-x86_64 | 0.3.0 | 83.00 | OK | |||
r-release-windows-x86_64 | 0.3.0 | 11.00 | 121.00 | 132.00 | OK | |
r-oldrel-macos-arm64 | 0.3.0 | 59.00 | OK | |||
r-oldrel-macos-x86_64 | 0.3.0 | 117.00 | OK | |||
r-oldrel-windows-x86_64 | 0.3.0 | 12.00 | 140.00 | 152.00 | OK |
Version: 0.3.0
Check: Rd cross-references
Result: NOTE
Found the following Rd file(s) with Rd \link{} targets missing package
anchors:
systemGraphToGenerator.Rd: igraph, graph.formula, phtMCMC2
Please provide package anchors for all Rd \link{} targets not in the
package itself and the base packages.
Flavor: r-devel-windows-x86_64