Last updated on 2024-05-21 14:57:21 CEST.
Flavor | Version | Tinstall | Tcheck | Ttotal | Status | Flags |
---|---|---|---|---|---|---|
r-devel-linux-x86_64-debian-clang | 1.4.3.1 | 12.09 | 83.20 | 95.29 | NOTE | |
r-devel-linux-x86_64-debian-gcc | 1.4.3.1 | 10.28 | 62.99 | 73.27 | NOTE | |
r-devel-linux-x86_64-fedora-clang | 1.4.3.1 | 121.67 | NOTE | |||
r-devel-linux-x86_64-fedora-gcc | 1.4.3.1 | 127.64 | NOTE | |||
r-devel-windows-x86_64 | 1.4.3.1 | 14.00 | 124.00 | 138.00 | NOTE | |
r-patched-linux-x86_64 | 1.4.3.1 | 17.24 | 82.55 | 99.79 | NOTE | |
r-release-linux-x86_64 | 1.4.3.1 | 11.17 | 80.62 | 91.79 | NOTE | |
r-release-macos-arm64 | 1.4.3.1 | 40.00 | NOTE | |||
r-release-windows-x86_64 | 1.4.3.1 | 11.00 | 123.00 | 134.00 | NOTE | |
r-oldrel-macos-arm64 | 1.4.3.1 | 42.00 | NOTE | |||
r-oldrel-macos-x86_64 | 1.4.3.1 | 80.00 | NOTE | |||
r-oldrel-windows-x86_64 | 1.4.3.1 | 11.00 | 116.00 | 127.00 | NOTE |
Version: 1.4.3.1
Check: LazyData
Result: NOTE
'LazyData' is specified without a 'data' directory
Flavors: r-devel-linux-x86_64-debian-clang, r-devel-linux-x86_64-debian-gcc, r-devel-linux-x86_64-fedora-clang, r-devel-linux-x86_64-fedora-gcc, r-devel-windows-x86_64, r-patched-linux-x86_64, r-release-linux-x86_64, r-release-macos-arm64, r-release-windows-x86_64, r-oldrel-macos-arm64, r-oldrel-macos-x86_64, r-oldrel-windows-x86_64