Last updated on 2024-06-27 16:49:13 CEST.
Flavor | Version | Tinstall | Tcheck | Ttotal | Status | Flags |
---|---|---|---|---|---|---|
r-devel-linux-x86_64-debian-clang | 1.1.2 | NOTE | ||||
r-devel-linux-x86_64-debian-gcc | 1.1.2 | 202.59 | 200.69 | 403.28 | NOTE | |
r-devel-linux-x86_64-fedora-clang | 1.1.2 | 766.14 | NOTE | |||
r-devel-linux-x86_64-fedora-gcc | 1.1.2 | 824.97 | NOTE | |||
r-devel-windows-x86_64 | 1.1.2 | 217.00 | 274.00 | 491.00 | NOTE | |
r-patched-linux-x86_64 | 1.1.2 | 254.31 | 264.25 | 518.56 | NOTE | |
r-release-linux-x86_64 | 1.1.2 | 182.76 | 263.24 | 446.00 | NOTE | |
r-release-macos-arm64 | 1.1.2 | 142.00 | NOTE | |||
r-release-macos-x86_64 | 1.1.2 | 197.00 | NOTE | |||
r-release-windows-x86_64 | 1.1.2 | 219.00 | 281.00 | 500.00 | NOTE | |
r-oldrel-macos-arm64 | 1.1.2 | 178.00 | NOTE | |||
r-oldrel-macos-x86_64 | 1.1.2 | 334.00 | NOTE | |||
r-oldrel-windows-x86_64 | 1.1.2 | 280.00 | 350.00 | 630.00 | NOTE |
Version: 1.1.2
Check: C++ specification
Result: NOTE
Specified C++11: please drop specification unless essential
Flavors: r-devel-linux-x86_64-debian-clang, r-devel-linux-x86_64-debian-gcc, r-devel-linux-x86_64-fedora-clang, r-devel-linux-x86_64-fedora-gcc, r-devel-windows-x86_64, r-patched-linux-x86_64, r-release-linux-x86_64, r-release-macos-arm64, r-release-macos-x86_64, r-release-windows-x86_64, r-oldrel-macos-arm64, r-oldrel-macos-x86_64, r-oldrel-windows-x86_64
Version: 1.1.2
Check: Rd files
Result: NOTE
checkRd: (-1) linear_RNDPROJ.Rd:45: Lost braces; missing escapes or markup?
45 | there is a linear map \eqn{f:R^N} to {R^n} such that
| ^
Flavors: r-devel-linux-x86_64-debian-clang, r-devel-linux-x86_64-debian-gcc, r-devel-linux-x86_64-fedora-clang, r-devel-linux-x86_64-fedora-gcc, r-devel-windows-x86_64, r-patched-linux-x86_64, r-release-linux-x86_64, r-release-macos-arm64, r-release-macos-x86_64, r-release-windows-x86_64
Version: 1.1.2
Check: installed package size
Result: NOTE
installed size is 5.2Mb
sub-directories of 1Mb or more:
data 1.7Mb
libs 1.6Mb
Flavors: r-devel-linux-x86_64-fedora-clang, r-devel-windows-x86_64, r-release-macos-arm64, r-release-macos-x86_64, r-release-windows-x86_64, r-oldrel-macos-arm64, r-oldrel-macos-x86_64, r-oldrel-windows-x86_64
Version: 1.1.2
Check: Rd cross-references
Result: NOTE
Undeclared package ‘Rtsne’ in Rd xrefs
Flavor: r-devel-linux-x86_64-fedora-clang