Last updated on 2024-07-13 11:49:25 CEST.
Flavor | Version | Tinstall | Tcheck | Ttotal | Status | Flags |
---|---|---|---|---|---|---|
r-devel-linux-x86_64-debian-clang | 0.1.2 | 1.61 | 46.43 | 48.04 | OK | |
r-devel-linux-x86_64-debian-gcc | 0.1.2 | 1.68 | 31.73 | 33.41 | OK | |
r-devel-linux-x86_64-fedora-clang | 0.1.2 | 62.55 | OK | |||
r-devel-linux-x86_64-fedora-gcc | 0.1.2 | 64.47 | OK | |||
r-devel-windows-x86_64 | 0.1.2 | 2.00 | 61.00 | 63.00 | NOTE | |
r-patched-linux-x86_64 | 0.1.2 | 2.54 | 41.44 | 43.98 | OK | |
r-release-linux-x86_64 | 0.1.2 | 1.56 | 40.42 | 41.98 | OK | |
r-release-macos-arm64 | 0.1.2 | 20.00 | OK | |||
r-release-macos-x86_64 | 0.1.2 | 31.00 | OK | |||
r-release-windows-x86_64 | 0.1.2 | 2.00 | 73.00 | 75.00 | OK | |
r-oldrel-macos-arm64 | 0.1.2 | 22.00 | OK | |||
r-oldrel-macos-x86_64 | 0.1.2 | 30.00 | OK | |||
r-oldrel-windows-x86_64 | 0.1.2 | 3.00 | 67.00 | 70.00 | OK |
Version: 0.1.2
Check: Rd cross-references
Result: NOTE
Found the following Rd file(s) with Rd \link{} targets missing package
anchors:
cppXPtr.Rd: cppFunction
Please provide package anchors for all Rd \link{} targets not in the
package itself and the base packages.
Flavor: r-devel-windows-x86_64