Last updated on 2024-06-27 16:49:13 CEST.
Flavor | Version | Tinstall | Tcheck | Ttotal | Status | Flags |
---|---|---|---|---|---|---|
r-devel-linux-x86_64-debian-clang | 2.8.3 | NOTE | ||||
r-devel-linux-x86_64-debian-gcc | 2.8.3 | 211.22 | 162.39 | 373.61 | NOTE | |
r-devel-linux-x86_64-fedora-clang | 2.8.3 | 818.66 | NOTE | |||
r-devel-linux-x86_64-fedora-gcc | 2.8.3 | 750.72 | NOTE | |||
r-devel-windows-x86_64 | 2.8.3 | 252.00 | 211.00 | 463.00 | NOTE | |
r-patched-linux-x86_64 | 2.8.3 | 261.70 | 209.06 | 470.76 | OK | |
r-release-linux-x86_64 | 2.8.3 | 262.50 | 208.62 | 471.12 | OK | |
r-release-macos-arm64 | 2.8.3 | 159.00 | NOTE | |||
r-release-macos-x86_64 | 2.8.3 | 185.00 | NOTE | |||
r-release-windows-x86_64 | 2.8.3 | 261.00 | 249.00 | 510.00 | OK | |
r-oldrel-macos-arm64 | 2.8.3 | 193.00 | NOTE | |||
r-oldrel-macos-x86_64 | 2.8.3 | 336.00 | NOTE | |||
r-oldrel-windows-x86_64 | 2.8.3 | 242.00 | 264.00 | 506.00 | OK |
Version: 2.8.3
Check: compiled code
Result: NOTE
File ‘RcppAlgos/libs/RcppAlgos.so’:
Found non-API calls to R: ‘SETLENGTH’, ‘SET_GROWABLE_BIT’,
‘SET_TRUELENGTH’
Compiled code should not call non-API entry points in R.
See ‘Writing portable packages’ in the ‘Writing R Extensions’ manual.
Flavors: r-devel-linux-x86_64-debian-clang, r-devel-linux-x86_64-fedora-clang, r-devel-linux-x86_64-fedora-gcc
Version: 2.8.3
Check: compiled code
Result: NOTE
File ‘RcppAlgos/libs/RcppAlgos.so’:
Found non-API calls to R: ‘SETLENGTH’, ‘SET_GROWABLE_BIT’,
‘SET_TRUELENGTH’
Compiled code should not call non-API entry points in R.
See ‘Writing portable packages’ in the ‘Writing R Extensions’ manual.
See section ‘Moving into C API compliance’ in the ‘Writing R
Extensions’ manual for issues with use of non-API entry points.
Flavor: r-devel-linux-x86_64-debian-gcc
Version: 2.8.3
Check: compiled code
Result: NOTE
File 'RcppAlgos/libs/x64/RcppAlgos.dll':
Found non-API calls to R: 'SETLENGTH', 'SET_GROWABLE_BIT',
'SET_TRUELENGTH'
Compiled code should not call non-API entry points in R.
See 'Writing portable packages' in the 'Writing R Extensions' manual.
Flavor: r-devel-windows-x86_64
Version: 2.8.3
Check: installed package size
Result: NOTE
installed size is 20.1Mb
sub-directories of 1Mb or more:
doc 1.1Mb
libs 17.8Mb
Flavors: r-release-macos-arm64, r-release-macos-x86_64, r-oldrel-macos-arm64, r-oldrel-macos-x86_64