Last updated on 2024-06-27 16:49:14 CEST.
Flavor | Version | Tinstall | Tcheck | Ttotal | Status | Flags |
---|---|---|---|---|---|---|
r-devel-linux-x86_64-debian-clang | 1.3.5 | OK | ||||
r-devel-linux-x86_64-debian-gcc | 1.3.5 | 52.08 | 97.82 | 149.90 | OK | |
r-devel-linux-x86_64-fedora-clang | 1.3.5 | 280.81 | NOTE | |||
r-devel-linux-x86_64-fedora-gcc | 1.3.5 | 271.39 | NOTE | |||
r-devel-windows-x86_64 | 1.3.5 | 64.00 | 149.00 | 213.00 | OK | |
r-patched-linux-x86_64 | 1.3.5 | 47.41 | 122.86 | 170.27 | OK | |
r-release-linux-x86_64 | 1.3.5 | 47.64 | 124.99 | 172.63 | OK | |
r-release-macos-arm64 | 1.3.5 | 81.00 | OK | |||
r-release-macos-x86_64 | 1.3.5 | 171.00 | OK | |||
r-release-windows-x86_64 | 1.3.5 | 64.00 | 151.00 | 215.00 | OK | |
r-oldrel-macos-arm64 | 1.3.5 | 72.00 | OK | |||
r-oldrel-macos-x86_64 | 1.3.5 | 124.00 | OK | |||
r-oldrel-windows-x86_64 | 1.3.5 | 83.00 | 180.00 | 263.00 | OK |
Version: 1.3.5
Check: package dependencies
Result: NOTE
Imports includes 23 non-default packages.
Importing from so many packages makes the package vulnerable to any of
them becoming unavailable. Move as many as possible to Suggests and
use conditionally.
Flavor: r-devel-linux-x86_64-fedora-clang
Version: 1.3.5
Check: data for non-ASCII characters
Result: NOTE
Note: found 50 marked UTF-8 strings
Flavors: r-devel-linux-x86_64-fedora-clang, r-devel-linux-x86_64-fedora-gcc