Last updated on 2024-06-21 15:53:02 CEST.
Flavor | Version | Tinstall | Tcheck | Ttotal | Status | Flags |
---|---|---|---|---|---|---|
r-devel-linux-x86_64-debian-clang | 0.4-17 | 96.94 | 57.22 | 154.16 | OK | |
r-devel-linux-x86_64-debian-gcc | 0.4-17 | 74.26 | 43.30 | 117.56 | OK | |
r-devel-linux-x86_64-fedora-clang | 0.4-17 | 298.04 | OK | |||
r-devel-linux-x86_64-fedora-gcc | 0.4-17 | 230.52 | OK | |||
r-devel-windows-x86_64 | 0.4-17 | 96.00 | 102.00 | 198.00 | OK | |
r-patched-linux-x86_64 | 0.4-17 | 98.62 | 55.46 | 154.08 | OK | |
r-release-linux-x86_64 | 0.4-17 | 92.97 | 55.56 | 148.53 | OK | |
r-release-macos-arm64 | 0.4-17 | 54.00 | NOTE | |||
r-release-macos-x86_64 | 0.4-17 | 66.00 | NOTE | |||
r-release-windows-x86_64 | 0.4-17 | 94.00 | 102.00 | 196.00 | OK | |
r-oldrel-macos-arm64 | 0.4-17 | 75.00 | NOTE | |||
r-oldrel-macos-x86_64 | 0.4-17 | 95.00 | NOTE | |||
r-oldrel-windows-x86_64 | 0.4-17 | 96.00 | 114.00 | 210.00 | OK |
Version: 0.4-17
Check: installed package size
Result: NOTE
installed size is 7.2Mb
sub-directories of 1Mb or more:
libs 6.2Mb
Flavors: r-release-macos-arm64, r-release-macos-x86_64, r-oldrel-macos-arm64, r-oldrel-macos-x86_64