Last updated on 2024-07-13 11:49:25 CEST.
Flavor | Version | Tinstall | Tcheck | Ttotal | Status | Flags |
---|---|---|---|---|---|---|
r-devel-linux-x86_64-debian-clang | 1.0 | 2.62 | 28.90 | 31.52 | NOTE | |
r-devel-linux-x86_64-debian-gcc | 1.0 | 1.67 | 21.75 | 23.42 | NOTE | |
r-devel-linux-x86_64-fedora-clang | 1.0 | 38.91 | NOTE | |||
r-devel-linux-x86_64-fedora-gcc | 1.0 | 38.60 | NOTE | |||
r-devel-windows-x86_64 | 1.0 | 3.00 | 42.00 | 45.00 | NOTE | |
r-patched-linux-x86_64 | 1.0 | 2.50 | 27.06 | 29.56 | NOTE | |
r-release-linux-x86_64 | 1.0 | 2.41 | 27.24 | 29.65 | NOTE | |
r-release-macos-arm64 | 1.0 | 15.00 | NOTE | |||
r-release-macos-x86_64 | 1.0 | 25.00 | NOTE | |||
r-release-windows-x86_64 | 1.0 | 2.00 | 42.00 | 44.00 | NOTE | |
r-oldrel-macos-arm64 | 1.0 | 15.00 | NOTE | |||
r-oldrel-macos-x86_64 | 1.0 | 22.00 | NOTE | |||
r-oldrel-windows-x86_64 | 1.0 | 4.00 | 42.00 | 46.00 | NOTE |
Version: 1.0
Check: Rd files
Result: NOTE
checkRd: (-1) GenDataPopulation.Rd:21: Lost braces
21 | {data}{Population of data}
| ^
checkRd: (-1) GenDataSample.Rd:23: Lost braces
23 | {data}{Sample of data}
| ^
Flavors: r-devel-linux-x86_64-debian-clang, r-devel-linux-x86_64-debian-gcc, r-devel-linux-x86_64-fedora-clang, r-devel-linux-x86_64-fedora-gcc, r-devel-windows-x86_64, r-patched-linux-x86_64, r-release-linux-x86_64, r-release-macos-arm64, r-release-macos-x86_64, r-release-windows-x86_64
Version: 1.0
Check: LazyData
Result: NOTE
'LazyData' is specified without a 'data' directory
Flavors: r-devel-linux-x86_64-debian-clang, r-devel-linux-x86_64-debian-gcc, r-devel-linux-x86_64-fedora-clang, r-devel-linux-x86_64-fedora-gcc, r-devel-windows-x86_64, r-patched-linux-x86_64, r-release-linux-x86_64, r-release-macos-arm64, r-release-macos-x86_64, r-release-windows-x86_64, r-oldrel-macos-arm64, r-oldrel-macos-x86_64, r-oldrel-windows-x86_64