Last updated on 2024-06-27 16:49:13 CEST.
Flavor | Version | Tinstall | Tcheck | Ttotal | Status | Flags |
---|---|---|---|---|---|---|
r-devel-linux-x86_64-debian-clang | 0.0.3 | OK | ||||
r-devel-linux-x86_64-debian-gcc | 0.0.3 | 42.89 | 30.84 | 73.73 | OK | |
r-devel-linux-x86_64-fedora-clang | 0.0.3 | 111.73 | NOTE | |||
r-devel-linux-x86_64-fedora-gcc | 0.0.3 | 108.96 | OK | |||
r-devel-windows-x86_64 | 0.0.3 | 40.00 | 51.00 | 91.00 | NOTE | |
r-patched-linux-x86_64 | 0.0.3 | 44.40 | 36.45 | 80.85 | OK | |
r-release-linux-x86_64 | 0.0.3 | 44.45 | 38.00 | 82.45 | OK | |
r-release-macos-arm64 | 0.0.3 | 45.00 | NOTE | |||
r-release-macos-x86_64 | 0.0.3 | 66.00 | NOTE | |||
r-release-windows-x86_64 | 0.0.3 | 38.00 | 51.00 | 89.00 | NOTE | |
r-oldrel-macos-arm64 | 0.0.3 | 57.00 | NOTE | |||
r-oldrel-macos-x86_64 | 0.0.3 | 125.00 | NOTE | |||
r-oldrel-windows-x86_64 | 0.0.3 | 56.00 | 56.00 | 112.00 | NOTE |
Version: 0.0.3
Check: installed package size
Result: NOTE
installed size is 13.1Mb
sub-directories of 1Mb or more:
data 13.0Mb
Flavors: r-devel-linux-x86_64-fedora-clang, r-devel-windows-x86_64, r-release-macos-arm64, r-release-macos-x86_64, r-release-windows-x86_64, r-oldrel-macos-arm64, r-oldrel-macos-x86_64, r-oldrel-windows-x86_64