Last updated on 2024-07-13 11:49:24 CEST.
Flavor | Version | Tinstall | Tcheck | Ttotal | Status | Flags |
---|---|---|---|---|---|---|
r-devel-linux-x86_64-debian-clang | 0.1.7 | 22.35 | 171.46 | 193.81 | OK | |
r-devel-linux-x86_64-debian-gcc | 0.1.7 | 17.10 | 126.10 | 143.20 | OK | |
r-devel-linux-x86_64-fedora-clang | 0.1.7 | 237.09 | OK | |||
r-devel-linux-x86_64-fedora-gcc | 0.1.7 | 238.24 | OK | |||
r-devel-windows-x86_64 | 0.1.7 | 17.00 | 135.00 | 152.00 | NOTE | |
r-patched-linux-x86_64 | 0.1.7 | 23.97 | 162.02 | 185.99 | OK | |
r-release-linux-x86_64 | 0.1.7 | 12.51 | 161.85 | 174.36 | OK | |
r-release-macos-arm64 | 0.1.7 | 66.00 | OK | |||
r-release-macos-x86_64 | 0.1.7 | 99.00 | OK | |||
r-release-windows-x86_64 | 0.1.7 | 16.00 | 134.00 | 150.00 | OK | |
r-oldrel-macos-arm64 | 0.1.6 | 79.00 | OK | |||
r-oldrel-macos-x86_64 | 0.1.6 | 130.00 | OK | |||
r-oldrel-windows-x86_64 | 0.1.6 | 23.00 | 166.00 | 189.00 | OK |
Version: 0.1.7
Check: Rd cross-references
Result: NOTE
Found the following Rd file(s) with Rd \link{} targets missing package
anchors:
QLMDe.Rd: fmx_constraint, fmx-class
drop1_fmx.Rd: fmx-class
fmx_cluster.Rd: fmx-class, fmx_constraint
fmx_hybrid.Rd: fmx-class, Kolmogorov_fmx
fmx_normix.Rd: fmx-class
step_fmx.Rd: fmx-class
Please provide package anchors for all Rd \link{} targets not in the
package itself and the base packages.
Flavor: r-devel-windows-x86_64