Last updated on 2024-07-13 11:49:23 CEST.
Flavor | Version | Tinstall | Tcheck | Ttotal | Status | Flags |
---|---|---|---|---|---|---|
r-devel-linux-x86_64-debian-clang | 1.4-7 | 9.27 | 25.43 | 34.70 | OK | |
r-devel-linux-x86_64-debian-gcc | 1.4-7 | 7.21 | 20.06 | 27.27 | OK | |
r-devel-linux-x86_64-fedora-clang | 1.4-7 | 45.74 | NOTE | |||
r-devel-linux-x86_64-fedora-gcc | 1.4-7 | 47.97 | OK | |||
r-devel-windows-x86_64 | 1.4-7 | 11.00 | 46.00 | 57.00 | OK | |
r-patched-linux-x86_64 | 1.4-7 | 8.76 | 25.06 | 33.82 | OK | |
r-release-linux-x86_64 | 1.4-7 | 8.39 | 24.48 | 32.87 | OK | |
r-release-macos-arm64 | 1.4-7 | 19.00 | OK | |||
r-release-macos-x86_64 | 1.4-7 | 26.00 | OK | |||
r-release-windows-x86_64 | 1.4-7 | 10.00 | 46.00 | 56.00 | OK | |
r-oldrel-macos-arm64 | 1.4-7 | 82.00 | OK | |||
r-oldrel-macos-x86_64 | 1.4-7 | 41.00 | OK | |||
r-oldrel-windows-x86_64 | 1.4-7 | 12.00 | 46.00 | 58.00 | OK |
Version: 1.4-7
Check: installed package size
Result: NOTE
installed size is 9.9Mb
sub-directories of 1Mb or more:
libs 9.7Mb
Flavor: r-devel-linux-x86_64-fedora-clang