Last updated on 2024-07-13 11:49:23 CEST.
Flavor | Version | Tinstall | Tcheck | Ttotal | Status | Flags |
---|---|---|---|---|---|---|
r-devel-linux-x86_64-debian-clang | 1.0 | 53.60 | 28.77 | 82.37 | NOTE | |
r-devel-linux-x86_64-debian-gcc | 1.0 | 38.31 | 21.92 | 60.23 | NOTE | |
r-devel-linux-x86_64-fedora-clang | 1.0 | 125.23 | NOTE | |||
r-devel-linux-x86_64-fedora-gcc | 1.0 | 135.23 | NOTE | |||
r-devel-windows-x86_64 | 1.0 | 47.00 | 70.00 | 117.00 | NOTE | |
r-patched-linux-x86_64 | 1.0 | 54.40 | 26.59 | 80.99 | NOTE | |
r-release-linux-x86_64 | 1.0 | 51.90 | 27.25 | 79.15 | NOTE | |
r-release-macos-arm64 | 1.0 | 32.00 | NOTE | |||
r-release-macos-x86_64 | 1.0 | 52.00 | NOTE | |||
r-release-windows-x86_64 | 1.0 | 46.00 | 63.00 | 109.00 | NOTE | |
r-oldrel-macos-arm64 | 1.0 | 33.00 | NOTE | |||
r-oldrel-macos-x86_64 | 1.0 | 56.00 | NOTE | |||
r-oldrel-windows-x86_64 | 1.0 | 56.00 | 74.00 | 130.00 | NOTE |
Version: 1.0
Check: C++ specification
Result: NOTE
Specified C++11: please drop specification unless essential
Flavors: r-devel-linux-x86_64-debian-clang, r-devel-linux-x86_64-debian-gcc, r-devel-linux-x86_64-fedora-clang, r-devel-linux-x86_64-fedora-gcc, r-devel-windows-x86_64, r-patched-linux-x86_64, r-release-linux-x86_64, r-release-macos-arm64, r-release-macos-x86_64, r-release-windows-x86_64, r-oldrel-macos-arm64, r-oldrel-macos-x86_64, r-oldrel-windows-x86_64