Last updated on 2024-05-21 14:57:19 CEST.
Flavor | Version | Tinstall | Tcheck | Ttotal | Status | Flags |
---|---|---|---|---|---|---|
r-devel-linux-x86_64-debian-clang | 1.0.11 | 3.94 | 30.88 | 34.82 | NOTE | |
r-devel-linux-x86_64-debian-gcc | 1.0.11 | 2.90 | 24.20 | 27.10 | NOTE | |
r-devel-linux-x86_64-fedora-clang | 1.0.11 | 43.98 | NOTE | |||
r-devel-linux-x86_64-fedora-gcc | 1.0.11 | 41.63 | NOTE | |||
r-devel-windows-x86_64 | 1.0.11 | 5.00 | 47.00 | 52.00 | NOTE | |
r-patched-linux-x86_64 | 1.0.11 | 3.76 | 29.75 | 33.51 | NOTE | |
r-release-linux-x86_64 | 1.0.11 | 3.97 | 30.44 | 34.41 | NOTE | |
r-release-macos-arm64 | 1.0.11 | 16.00 | NOTE | |||
r-release-windows-x86_64 | 1.0.11 | 4.00 | 46.00 | 50.00 | NOTE | |
r-oldrel-macos-arm64 | 1.0.11 | 18.00 | NOTE | |||
r-oldrel-macos-x86_64 | 1.0.11 | 24.00 | NOTE | |||
r-oldrel-windows-x86_64 | 1.0.11 | 5.00 | 49.00 | 54.00 | NOTE |
Version: 1.0.11
Check: Rd files
Result: NOTE
checkRd: (-1) GarlandJanis.IC.Rd:4: Escaped LaTeX specials: \&
checkRd: (-1) GarlandJanis.IC.Rd:6: Escaped LaTeX specials: \&
checkRd: (-1) GarlandJanis.Original.Rd:4: Escaped LaTeX specials: \&
checkRd: (-1) GarlandJanis.Original.Rd:6: Escaped LaTeX specials: \&
checkRd: (-1) GarlandJanis.varcov.Rd:3: Escaped LaTeX specials: \&
checkRd: (-1) GarlandJanis.varcov.Rd:5: Escaped LaTeX specials: \&
checkRd: (-1) GarlandJanis.varcov.Rd:7: Escaped LaTeX specials: \&
Flavors: r-devel-linux-x86_64-debian-clang, r-devel-linux-x86_64-debian-gcc, r-devel-linux-x86_64-fedora-clang, r-devel-linux-x86_64-fedora-gcc, r-devel-windows-x86_64, r-patched-linux-x86_64, r-release-linux-x86_64, r-release-macos-arm64, r-release-windows-x86_64, r-oldrel-macos-arm64, r-oldrel-macos-x86_64, r-oldrel-windows-x86_64