Last updated on 2024-06-21 15:52:59 CEST.
Flavor | Version | Tinstall | Tcheck | Ttotal | Status | Flags |
---|---|---|---|---|---|---|
r-devel-linux-x86_64-debian-clang | 1.2.0 | 14.55 | 166.78 | 181.33 | NOTE | |
r-devel-linux-x86_64-debian-gcc | 1.2.0 | 12.99 | 119.56 | 132.55 | NOTE | |
r-devel-linux-x86_64-fedora-clang | 1.2.0 | 237.53 | NOTE | |||
r-devel-linux-x86_64-fedora-gcc | 1.2.0 | 213.86 | NOTE | |||
r-devel-windows-x86_64 | 1.2.0 | 13.00 | 142.00 | 155.00 | NOTE | |
r-patched-linux-x86_64 | 1.2.0 | 11.20 | 161.41 | 172.61 | NOTE | |
r-release-linux-x86_64 | 1.2.0 | 9.57 | 159.68 | 169.25 | NOTE | |
r-release-macos-arm64 | 1.2.0 | 58.00 | NOTE | |||
r-release-macos-x86_64 | 1.2.0 | 92.00 | NOTE | |||
r-release-windows-x86_64 | 1.2.0 | 14.00 | 143.00 | 157.00 | NOTE | |
r-oldrel-macos-arm64 | 1.2.0 | 64.00 | OK | |||
r-oldrel-macos-x86_64 | 1.2.0 | 162.00 | OK | |||
r-oldrel-windows-x86_64 | 1.2.0 | 17.00 | 174.00 | 191.00 | OK |
Version: 1.2.0
Check: Rd files
Result: NOTE
checkRd: (-1) embedded.blocks.Rd:39: Lost braces
39 | \item{miv.threshold}{MIV (marginal information value) entrance threshold applicable only for code{"stepMIV"} method.
| ^
checkRd: (-1) embedded.blocks.Rd:44: Lost braces
44 | \item{m.ch.p.val}{Significance level of p-value for marginal chi-square test applicable only for code{"stepMIV"} method.
| ^
checkRd: (-1) ensemble.blocks.Rd:39: Lost braces
39 | \item{miv.threshold}{MIV (marginal information value) entrance threshold applicable only for code{"stepMIV"} method.
| ^
checkRd: (-1) ensemble.blocks.Rd:44: Lost braces
44 | \item{m.ch.p.val}{Significance level of p-value for marginal chi-square test applicable only for code{"stepMIV"} method.
| ^
checkRd: (-1) staged.blocks.Rd:39: Lost braces
39 | \item{miv.threshold}{MIV (marginal information value) entrance threshold applicable only for code{"stepMIV"} method.
| ^
checkRd: (-1) staged.blocks.Rd:44: Lost braces
44 | \item{m.ch.p.val}{Significance level of p-value for marginal chi-square test applicable only for code{"stepMIV"} method.
| ^
Flavors: r-devel-linux-x86_64-debian-clang, r-devel-linux-x86_64-debian-gcc, r-devel-linux-x86_64-fedora-clang, r-devel-linux-x86_64-fedora-gcc, r-devel-windows-x86_64, r-patched-linux-x86_64, r-release-linux-x86_64, r-release-macos-arm64, r-release-macos-x86_64, r-release-windows-x86_64