Last updated on 2024-07-13 11:49:21 CEST.
Flavor | Version | Tinstall | Tcheck | Ttotal | Status | Flags |
---|---|---|---|---|---|---|
r-devel-linux-x86_64-debian-clang | 1.3.0 | 68.26 | 115.92 | 184.18 | OK | |
r-devel-linux-x86_64-debian-gcc | 1.3.0 | 51.66 | 87.36 | 139.02 | OK | |
r-devel-linux-x86_64-fedora-clang | 1.3.0 | 243.17 | OK | |||
r-devel-linux-x86_64-fedora-gcc | 1.3.0 | 282.17 | OK | |||
r-devel-windows-x86_64 | 1.3.0 | 56.00 | 149.00 | 205.00 | NOTE | |
r-patched-linux-x86_64 | 1.3.0 | 63.56 | 109.55 | 173.11 | OK | |
r-release-linux-x86_64 | 1.3.0 | 63.16 | 110.58 | 173.74 | OK | |
r-release-macos-arm64 | 1.3.0 | 77.00 | NOTE | |||
r-release-macos-x86_64 | 1.3.0 | 114.00 | NOTE | |||
r-release-windows-x86_64 | 1.3.0 | 57.00 | 139.00 | 196.00 | NOTE | |
r-oldrel-macos-arm64 | 1.3.0 | 65.00 | NOTE | |||
r-oldrel-macos-x86_64 | 1.3.0 | 162.00 | NOTE | |||
r-oldrel-windows-x86_64 | 1.3.0 | 68.00 | 176.00 | 244.00 | NOTE |
Version: 1.3.0
Check: installed package size
Result: NOTE
installed size is 5.1Mb
sub-directories of 1Mb or more:
doc 2.4Mb
libs 1.6Mb
Flavors: r-devel-windows-x86_64, r-release-macos-arm64, r-release-macos-x86_64, r-release-windows-x86_64, r-oldrel-macos-arm64, r-oldrel-macos-x86_64, r-oldrel-windows-x86_64