Last updated on 2024-07-13 11:49:21 CEST.
Flavor | Version | Tinstall | Tcheck | Ttotal | Status | Flags |
---|---|---|---|---|---|---|
r-devel-linux-x86_64-debian-clang | 0.1 | 5.42 | 54.18 | 59.60 | OK | |
r-devel-linux-x86_64-debian-gcc | 0.1 | 4.20 | 40.32 | 44.52 | OK | |
r-devel-linux-x86_64-fedora-clang | 0.1 | 73.22 | NOTE | |||
r-devel-linux-x86_64-fedora-gcc | 0.1 | 73.00 | NOTE | |||
r-devel-windows-x86_64 | 0.1 | 6.00 | 64.00 | 70.00 | OK | |
r-patched-linux-x86_64 | 0.1 | 5.73 | 51.74 | 57.47 | OK | |
r-release-linux-x86_64 | 0.1 | 5.79 | 52.31 | 58.10 | OK | |
r-release-macos-arm64 | 0.1 | 25.00 | OK | |||
r-release-macos-x86_64 | 0.1 | 43.00 | OK | |||
r-release-windows-x86_64 | 0.1 | 6.00 | 63.00 | 69.00 | OK | |
r-oldrel-macos-arm64 | 0.1 | 44.00 | OK | |||
r-oldrel-macos-x86_64 | 0.1 | 50.00 | OK | |||
r-oldrel-windows-x86_64 | 0.1 | 7.00 | 71.00 | 78.00 | OK |
Version: 0.1
Check: data for non-ASCII characters
Result: NOTE
Note: found 5766 marked UTF-8 strings
Flavors: r-devel-linux-x86_64-fedora-clang, r-devel-linux-x86_64-fedora-gcc