Last updated on 2024-06-21 15:52:58 CEST.
Flavor | Version | Tinstall | Tcheck | Ttotal | Status | Flags |
---|---|---|---|---|---|---|
r-devel-linux-x86_64-debian-clang | 1.0.2 | 6.20 | 68.70 | 74.90 | OK | |
r-devel-linux-x86_64-debian-gcc | 1.0.2 | 4.80 | 51.41 | 56.21 | OK | |
r-devel-linux-x86_64-fedora-clang | 1.0.2 | 96.46 | NOTE | |||
r-devel-linux-x86_64-fedora-gcc | 1.0.2 | 109.91 | NOTE | |||
r-devel-windows-x86_64 | 1.0.2 | 6.00 | 68.00 | 74.00 | OK | |
r-patched-linux-x86_64 | 1.0.2 | 5.02 | 65.56 | 70.58 | OK | |
r-release-linux-x86_64 | 1.0.2 | 5.76 | 65.04 | 70.80 | OK | |
r-release-macos-arm64 | 1.0.2 | 39.00 | OK | |||
r-release-macos-x86_64 | 1.0.2 | 62.00 | OK | |||
r-release-windows-x86_64 | 1.0.2 | 8.00 | 67.00 | 75.00 | OK | |
r-oldrel-macos-arm64 | 1.0.2 | 43.00 | OK | |||
r-oldrel-macos-x86_64 | 1.0.2 | 58.00 | OK | |||
r-oldrel-windows-x86_64 | 1.0.2 | 8.00 | 78.00 | 86.00 | OK |
Version: 1.0.2
Check: dependencies in R code
Result: NOTE
Namespaces in Imports field not imported from:
‘caret’ ‘e1071’ ‘ggthemes’ ‘mlbench’ ‘rmarkdown’ ‘tidymodels’
All declared Imports should be used.
Flavors: r-devel-linux-x86_64-fedora-clang, r-devel-linux-x86_64-fedora-gcc