Last updated on 2024-05-21 07:53:14 CEST.
Flavor | Version | Tinstall | Tcheck | Ttotal | Status | Flags |
---|---|---|---|---|---|---|
r-devel-linux-x86_64-debian-clang | 1.1.2 | 17.67 | 211.25 | 228.92 | NOTE | |
r-devel-linux-x86_64-debian-gcc | 1.1.2 | 12.12 | 149.81 | 161.93 | NOTE | |
r-devel-linux-x86_64-fedora-clang | 1.1.2 | 270.70 | NOTE | |||
r-devel-linux-x86_64-fedora-gcc | 1.1.2 | 267.32 | NOTE | |||
r-devel-windows-x86_64 | 1.1.2 | 13.00 | 177.00 | 190.00 | NOTE | |
r-patched-linux-x86_64 | 1.1.2 | 15.61 | 197.33 | 212.94 | NOTE | |
r-release-linux-x86_64 | 1.1.2 | 9.42 | 194.62 | 204.04 | NOTE | |
r-release-macos-arm64 | 1.1.2 | 83.00 | NOTE | |||
r-release-windows-x86_64 | 1.1.2 | 13.00 | 180.00 | 193.00 | NOTE | |
r-oldrel-macos-arm64 | 1.1.2 | 82.00 | OK | |||
r-oldrel-macos-x86_64 | 1.1.2 | 144.00 | OK | |||
r-oldrel-windows-x86_64 | 1.1.2 | 18.00 | 230.00 | 248.00 | OK |
Version: 1.1.2
Check: Rd files
Result: NOTE
checkRd: (-1) plot.ODEmorris.Rd:62-63: Lost braces in \itemize; meant \describe ?
checkRd: (-1) plot.ODEmorris.Rd:64-65: Lost braces in \itemize; meant \describe ?
Flavors: r-devel-linux-x86_64-debian-clang, r-devel-linux-x86_64-debian-gcc, r-devel-linux-x86_64-fedora-clang, r-devel-linux-x86_64-fedora-gcc, r-devel-windows-x86_64, r-patched-linux-x86_64, r-release-linux-x86_64, r-release-macos-arm64, r-release-windows-x86_64