Last updated on 2024-06-27 16:49:10 CEST.
Flavor | Version | Tinstall | Tcheck | Ttotal | Status | Flags |
---|---|---|---|---|---|---|
r-devel-linux-x86_64-debian-clang | 1.3.2 | NOTE | ||||
r-devel-linux-x86_64-debian-gcc | 1.3.2 | 2.75 | 30.65 | 33.40 | NOTE | |
r-devel-linux-x86_64-fedora-clang | 1.3.2 | 57.45 | NOTE | |||
r-devel-linux-x86_64-fedora-gcc | 1.3.2 | 67.09 | NOTE | |||
r-devel-windows-x86_64 | 1.3.2 | 4.00 | 51.00 | 55.00 | NOTE | |
r-patched-linux-x86_64 | 1.3.2 | 6.45 | 38.04 | 44.49 | NOTE | |
r-release-linux-x86_64 | 1.3.2 | 3.65 | 39.31 | 42.96 | NOTE | |
r-release-macos-arm64 | 1.3.2 | 26.00 | NOTE | |||
r-release-macos-x86_64 | 1.3.2 | 37.00 | NOTE | |||
r-release-windows-x86_64 | 1.3.2 | 4.00 | 52.00 | 56.00 | NOTE | |
r-oldrel-macos-arm64 | 1.3.2 | 26.00 | NOTE | |||
r-oldrel-macos-x86_64 | 1.3.2 | 33.00 | NOTE | |||
r-oldrel-windows-x86_64 | 1.3.2 | 4.00 | 54.00 | 58.00 | NOTE |
Version: 1.3.2
Check: LazyData
Result: NOTE
'LazyData' is specified without a 'data' directory
Flavors: r-devel-linux-x86_64-debian-clang, r-devel-linux-x86_64-debian-gcc, r-devel-linux-x86_64-fedora-clang, r-devel-linux-x86_64-fedora-gcc, r-devel-windows-x86_64, r-patched-linux-x86_64, r-release-linux-x86_64, r-release-macos-arm64, r-release-macos-x86_64, r-release-windows-x86_64, r-oldrel-macos-arm64, r-oldrel-macos-x86_64, r-oldrel-windows-x86_64